-- https://www.phpmyadmin.net/
--

START TRANSACTION;



-- --------------------------------------------------------

--
-- Table structure for table `ads`
--

CREATE TABLE `ads` (
  `id` int(10) UNSIGNED NOT NULL,
  `title` varchar(255) DEFAULT NULL,
  `description` text DEFAULT NULL,
  `end_date` date DEFAULT NULL,
  `target_ages` varchar(191) DEFAULT NULL,
  `target_city` varchar(191) DEFAULT NULL,
  `budget` varchar(50) DEFAULT NULL,
  `image` varchar(191) DEFAULT 'file_1617866211443787315.png',
  `video` varchar(191) DEFAULT NULL,
  `is_gift` tinyint(1) DEFAULT 0 COMMENT '1 =>yes, 0=>no',
  `gift_text` text DEFAULT NULL,
  `gift_image` varchar(255) DEFAULT 'file_1617866211443787315.png',
  `is_complete_payment` tinyint(1) DEFAULT 0 COMMENT '1 =>yes, 0=>no',
  `status` tinyint(1) DEFAULT 0,
  `numViews` int(11) DEFAULT 0,
  `advertising_goal` int(11) DEFAULT 0,
  `link_goal` varchar(255) DEFAULT NULL,
  `user_id` int(11) DEFAULT NULL,
  `created_at` timestamp NULL DEFAULT NULL,
  `updated_at` timestamp NULL DEFAULT NULL,
  `cost_view` float NOT NULL DEFAULT 0,
  `cost_achieving_goal` float NOT NULL DEFAULT 1,
  `isSpecial` tinyint(4) NOT NULL DEFAULT 0 COMMENT '1 =>yes,0 =>no'
) ENGINE=InnoDB DEFAULT CHARSET=utf8mb4 COLLATE=utf8mb4_unicode_ci;

--
-- Dumping data for table `ads`
--

INSERT INTO `ads` (`id`, `title`, `description`, `end_date`, `target_ages`, `target_city`, `budget`, `image`, `video`, `is_gift`, `gift_text`, `gift_image`, `is_complete_payment`, `status`, `numViews`, `advertising_goal`, `link_goal`, `user_id`, `created_at`, `updated_at`, `cost_view`, `cost_achieving_goal`, `isSpecial`) VALUES
(2, 'اعلان جديد للبدء حول فكرة ممتاة في بناء مشروع', 'اعلان جديد للبدء حول فكرة ممتاة في بناء مشروع\r\nاعلان جديد للبدء حول فكرة ممتاة في بناء مشروع\r\nاعلان جديد للبدء حول فكرة ممتاة في بناء مشروع', '2021-01-01', '2;42', 'غزة', '44', 'file_16178661691157373428.png', 'file_16178661841638372869.mp4', 1, 'هدية هدية هدية هدية هدية هدية هدية ر', 'image_1616339854991271817.png', 1, 1, 6, 1, 'https://javascript-minifier.com/', 2, '2021-04-05 14:57:57', '2021-04-17 13:12:32', 0, 1, 0),
(3, 'اعلان جديد للبدء حول فكرة ممتاة في بناء مشروع', 'هذا النص هو هذا النص هو مثال لنص يمكن أن يستبدل في نفس المساحة، لقد تم توليد هذا النص من مولد النص العربى، حيث يمكنك أن', '2021-04-20', '200;500', '32', '600', 'img_2.png', NULL, 0, NULL, NULL, 1, 1, 6, 4, 'https://javascript-minifier.com/', 2, '2021-04-05 14:57:57', '2021-05-06 18:07:09', 0, 1, 0),
(4, 'اعلان جديد للبدء حول فكرة ممتاة في بناء مشروع', 'هذا النص هو هذا النص هو مثال لنص يمكن أن يستبدل في نفس المساحة، لقد تم توليد هذا النص من مولد النص العربى، حيث يمكنك أن', '2021-04-20', '200;500', '32', '600', 'img_2.png', NULL, 0, NULL, NULL, 1, 1, 0, 2, 'https://javascript-minifier.com/', 2, '2021-04-05 14:57:57', '2021-05-06 18:10:33', 0, 1, 1),
(5, 'اعلان جديد للبدء حول فكرة ممتاة في بناء مشروع', 'هذا النص هو هذا النص هو مثال لنص يمكن أن يستبدل في نفس المساحة، لقد تم توليد هذا النص من مولد النص العربى، حيث يمكنك أن', '2021-04-20', '200;500', '32', '600', 'img_2.png', NULL, 0, NULL, NULL, 1, 1, 0, 3, 'https://javascript-minifier.com/', 2, '2021-04-05 14:57:57', '2021-04-15 20:34:46', 0, 1, 0),
(6, 'اعلان جديد للبدء حول فكرة ممتاة في بناء مشروع', 'هذا النص هو هذا النص هو مثال لنص يمكن أن يستبدل في نفس المساحة، لقد تم توليد هذا النص من مولد النص العربى، حيث يمكنك أن', '2021-04-20', '200;500', '32', '600', 'img_2.png', NULL, 0, NULL, NULL, 1, 1, 0, 1, 'https://javascript-minifier.com/', 2, '2021-04-05 14:57:57', '2021-04-15 20:34:32', 0, 1, 0),
(7, 'اعلان جديد للبدء حول فكرة ممتاة في بناء مشروع', 'هذا النص هو هذا النص هو مثال لنص يمكن أن يستبدل في نفس المساحة، لقد تم توليد هذا النص من مولد النص العربى، حيث يمكنك أن', '2021-04-20', '200;500', '32', '600', 'img_2.png', 'file_16178742151941005353.mp4', 0, NULL, NULL, 1, 1, 34, 2, 'https://javascript-minifier.com/', 2, '2021-04-05 14:57:57', '2021-04-30 15:39:58', 0, 1, 0),
(8, 'اعلان جديد للبدء حول فكرة ممتاة في بناء مشروع', 'اعلان جديد للبدء حول فكرة ممتاة في بناء مشروع\r\nاعلان جديد للبدء حول فكرة ممتاة في بناء مشروع\r\nاعلان جديد للبدء حول فكرة ممتاة في بناء مشروع', '2021-06-01', '10;20', 'غزة', '44', 'file_16178661691157373428.png', 'file_16178661841638372869.mp4', 1, 'هدية هدية هدية هدية هدية هدية هدية ر', 'image_1616339854991271817.png', 1, 1, 28, 1, 'https://javascript-minifier.com/', 2, '2021-04-08 05:22:52', '2021-04-17 15:48:14', 12, 1, 0),
(9, 'اعلان جديد للبدء حول فكرة ممتاة في بناء مشروع', 'اعلان جديد للبدء حول فكرة ممتاة في بناء مشروع\r\nاعلان جديد للبدء حول فكرة ممتاة في بناء مشروع\r\nاعلان جديد للبدء حول فكرة ممتاة في بناء مشروع', '2021-04-07', '122;500', 'غزة', '674', 'file_16178670121423737020.png', 'file_16178670171898861825.mp4', 0, NULL, NULL, 1, 1, 5, 4, 'https://javascript-minifier.com/', 2, '2021-04-08 05:30:57', '2021-04-15 20:40:45', 0, 1, 0),
(12, 'اعلان جديد للبدء حول فكرة ممتاة في بناء مشروع 2', 'اعلان جديد للبدء حول فكرة ممتاة في بناء مشروع\r\nاعلان جديد للبدء حول فكرة ممتاة في بناء مشروع\r\nاعلان جديد للبدء حول فكرة ممتاة في بناء مشروع\r\nاعلان جديد للبدء حول فكرة ممتاة في بناء مشروع\r\nاعلان جديد للبدء حول فكرة ممتاة في بناء مشروع\r\nاعلان جديد للبدء حول فكرة ممتاة في بناء مشروع\r\nاعلان جديد للبدء حول فكرة ممتاة في بناء مشروع\r\nاعلان جديد للبدء حول فكرة ممتاة في بناء مشروع\r\nاعلان جديد للبدء حول فكرة ممتاة في بناء مشروع', '2021-04-15', '10;254', 'جدة', '550', 'file_1617992296313448955.png', NULL, 0, NULL, NULL, 1, 1, 1, 1, 'https://javascript-minifier.com/', 2, '2021-04-09 16:22:06', '2021-06-13 14:27:20', 0, 1, 0),
(13, 'اعلان باكثر من صورة', 'وصف وصف وصف وصف وصف وصف وصف وصف وصف وصف وصف وصف ر', '2021-04-15', '30;50', 'غزة', '4148', 'file_16185231221739124014.png', 'file_1618523140975824658.mp4', 0, NULL, NULL, 1, 1, 40, 1, 'https://javascript-minifier.com/', 2, '2021-04-15 19:46:15', '2021-05-06 18:07:29', 11, 0.4, 0);

-- --------------------------------------------------------

--
-- Table structure for table `ads_comments`
--

CREATE TABLE `ads_comments` (
  `id` int(10) UNSIGNED NOT NULL,
  `ads_id` int(10) UNSIGNED NOT NULL,
  `user_id` int(10) UNSIGNED NOT NULL,
  `text` text NOT NULL,
  `created_at` timestamp NULL DEFAULT NULL,
  `updated_at` timestamp NULL DEFAULT NULL
) ENGINE=InnoDB DEFAULT CHARSET=utf8mb4 COLLATE=utf8mb4_unicode_ci;

--
-- Dumping data for table `ads_comments`
--

INSERT INTO `ads_comments` (`id`, `ads_id`, `user_id`, `text`, `created_at`, `updated_at`) VALUES
(1, 7, 2, 'اعلان جميل', '2021-04-06 16:11:37', '2021-04-06 16:11:37'),
(2, 7, 2, 'تعليق جديد', '2021-04-30 16:09:34', '2021-04-30 16:09:34'),
(3, 7, 2, 'تعليق جديد', '2021-04-30 16:09:42', '2021-04-30 16:09:42'),
(4, 7, 2, '1', '2021-04-30 16:09:45', '2021-04-30 16:09:45'),
(5, 7, 2, '1', '2021-04-30 16:09:48', '2021-04-30 16:09:48'),
(6, 7, 2, '1', '2021-04-30 16:18:38', '2021-04-30 16:18:38');

-- --------------------------------------------------------

--
-- Table structure for table `ads_comment_warnings`
--

CREATE TABLE `ads_comment_warnings` (
  `id` int(10) UNSIGNED NOT NULL,
  `comment_id` int(10) UNSIGNED NOT NULL,
  `user_id` int(10) UNSIGNED NOT NULL,
  `created_at` timestamp NULL DEFAULT NULL,
  `updated_at` timestamp NULL DEFAULT NULL
) ENGINE=InnoDB DEFAULT CHARSET=utf8mb4 COLLATE=utf8mb4_unicode_ci;

--
-- Dumping data for table `ads_comment_warnings`
--

INSERT INTO `ads_comment_warnings` (`id`, `comment_id`, `user_id`, `created_at`, `updated_at`) VALUES
(1, 1, 2, '2021-04-06 16:11:43', '2021-04-06 16:11:43'),
(2, 1, 2, '2021-04-06 16:11:49', '2021-04-06 16:11:49');

-- --------------------------------------------------------

--
-- Table structure for table `ads_likes`
--

CREATE TABLE `ads_likes` (
  `id` int(10) UNSIGNED NOT NULL,
  `ads_id` int(10) UNSIGNED NOT NULL,
  `user_id` int(10) UNSIGNED NOT NULL,
  `created_at` timestamp NULL DEFAULT NULL,
  `updated_at` timestamp NULL DEFAULT NULL
) ENGINE=InnoDB DEFAULT CHARSET=utf8mb4 COLLATE=utf8mb4_unicode_ci;

--
-- Dumping data for table `ads_likes`
--

INSERT INTO `ads_likes` (`id`, `ads_id`, `user_id`, `created_at`, `updated_at`) VALUES
(4, 4, 2, '2021-04-08 15:59:44', '2021-04-08 15:59:44'),
(5, 5, 2, '2021-04-08 16:00:15', '2021-04-08 16:00:15'),
(6, 6, 2, '2021-04-08 16:00:16', '2021-04-08 16:00:16'),
(11, 9, 2, '2021-04-08 16:00:40', '2021-04-08 16:00:40'),
(15, 3, 2, '2021-04-09 16:32:03', '2021-04-09 16:32:03'),
(16, 7, 2, '2021-04-17 13:12:25', '2021-04-17 13:12:25'),
(17, 8, 2, '2021-04-17 13:12:28', '2021-04-17 13:12:28');

-- --------------------------------------------------------

--
-- Table structure for table `ads_media`
--

CREATE TABLE `ads_media` (
  `id` int(10) UNSIGNED NOT NULL,
  `ads_id` int(10) UNSIGNED NOT NULL,
  `media` varchar(255) NOT NULL,
  `type` tinyint(4) NOT NULL COMMENT '1 =>image,2 =>video',
  `created_at` timestamp NULL DEFAULT NULL,
  `updated_at` timestamp NULL DEFAULT NULL
) ENGINE=InnoDB DEFAULT CHARSET=utf8mb4 COLLATE=utf8mb4_unicode_ci;

--
-- Dumping data for table `ads_media`
--

INSERT INTO `ads_media` (`id`, `ads_id`, `media`, `type`, `created_at`, `updated_at`) VALUES
(8, 7, 'file_16185260541975441108.png', 1, '2021-04-15 20:34:18', '2021-04-15 20:34:18'),
(9, 6, 'file_1618526070229109965.png', 1, '2021-04-15 20:34:32', '2021-04-15 20:34:32'),
(10, 5, 'file_16185260851455848251.png', 1, '2021-04-15 20:34:46', '2021-04-15 20:34:46'),
(11, 4, 'file_16185261001686346928.png', 1, '2021-04-15 20:35:01', '2021-04-15 20:35:01'),
(12, 3, 'file_16185261111041634553.png', 1, '2021-04-15 20:35:13', '2021-04-15 20:35:13'),
(14, 8, 'file_16185260541975441108.png', 1, '2021-04-15 20:34:18', '2021-04-15 20:34:18'),
(15, 9, 'file_16185260541975441108.png', 1, '2021-04-15 20:34:18', '2021-04-15 20:34:18'),
(22, 2, 'file_16185266421144139211.png', 1, '2021-04-15 20:54:34', '2021-04-15 20:54:34'),
(44, 13, 'file_16185266421144139211.png', 1, '2021-04-30 15:11:49', '2021-04-30 15:11:49'),
(45, 13, 'file_16185231131707104523.png', 1, '2021-04-30 15:11:49', '2021-04-30 15:11:49'),
(46, 13, 'file_16185266422097476383.png', 1, '2021-04-30 15:11:49', '2021-04-30 15:11:49'),
(47, 13, 'file_16185266421382849556.png', 1, '2021-04-30 15:11:49', '2021-04-30 15:11:49'),
(48, 13, 'file_16185275511075649675.mp4', 2, '2021-04-30 15:11:49', '2021-04-30 15:11:49'),
(49, 12, 'file_16185231131707104523.png', 1, '2021-06-13 14:27:20', '2021-06-13 14:27:20'),
(50, 12, 'file_1623601637487430018.mp4', 2, '2021-06-13 14:27:20', '2021-06-13 14:27:20');

-- --------------------------------------------------------

--
-- Table structure for table `advertising_goals`
--

CREATE TABLE `advertising_goals` (
  `id` int(10) UNSIGNED NOT NULL,
  `ads_id` int(10) UNSIGNED NOT NULL,
  `goal_id` int(10) UNSIGNED NOT NULL,
  `created_at` timestamp NULL DEFAULT NULL,
  `updated_at` timestamp NULL DEFAULT NULL
) ENGINE=InnoDB DEFAULT CHARSET=utf8mb4 COLLATE=utf8mb4_unicode_ci;

--
-- Dumping data for table `advertising_goals`
--

INSERT INTO `advertising_goals` (`id`, `ads_id`, `goal_id`, `created_at`, `updated_at`) VALUES
(1, 2, 1, '2021-04-05 14:57:57', '2021-04-05 14:57:57'),
(2, 2, 2, '2021-04-05 14:57:57', '2021-04-05 14:57:57'),
(3, 2, 3, '2021-04-05 14:57:57', '2021-04-05 14:57:57'),
(4, 2, 3, '2021-04-05 14:57:57', '2021-04-05 14:57:57'),
(5, 2, 3, '2021-04-05 14:57:57', '2021-04-05 14:57:57'),
(6, 2, 3, '2021-04-05 14:57:57', '2021-04-05 14:57:57'),
(7, 2, 2, '2021-04-05 15:00:34', '2021-04-05 15:00:34'),
(8, 2, 3, '2021-04-05 15:00:34', '2021-04-05 15:00:34'),
(9, 2, 4, '2021-04-05 15:00:34', '2021-04-05 15:00:34'),
(10, 2, 4, '2021-04-05 15:00:34', '2021-04-05 15:00:34'),
(11, 2, 4, '2021-04-05 15:00:34', '2021-04-05 15:00:34'),
(12, 2, 4, '2021-04-05 15:00:34', '2021-04-05 15:00:34'),
(13, 2, 4, '2021-04-05 15:00:34', '2021-04-05 15:00:34'),
(14, 2, 2, '2021-04-05 15:01:45', '2021-04-05 15:01:45'),
(15, 2, 3, '2021-04-05 15:01:45', '2021-04-05 15:01:45'),
(16, 2, 3, '2021-04-05 15:01:45', '2021-04-05 15:01:45'),
(17, 2, 3, '2021-04-05 15:01:45', '2021-04-05 15:01:45'),
(18, 2, 3, '2021-04-05 15:01:45', '2021-04-05 15:01:45'),
(19, 2, 1, '2021-04-05 15:03:05', '2021-04-05 15:03:05'),
(20, 2, 2, '2021-04-05 15:03:05', '2021-04-05 15:03:05'),
(21, 2, 3, '2021-04-05 15:03:05', '2021-04-05 15:03:05');

-- --------------------------------------------------------

--
-- Table structure for table `advertising_representatives`
--

CREATE TABLE `advertising_representatives` (
  `id` int(10) UNSIGNED NOT NULL,
  `name` varchar(255) NOT NULL,
  `email` varchar(255) NOT NULL,
  `mobile` varchar(255) NOT NULL,
  `job` varchar(255) NOT NULL,
  `created_at` timestamp NULL DEFAULT NULL,
  `updated_at` timestamp NULL DEFAULT NULL,
  `city_id` int(11) NOT NULL,
  `status` tinyint(4) NOT NULL DEFAULT 0
) ENGINE=InnoDB DEFAULT CHARSET=utf8mb3 COLLATE=utf8mb3_general_ci;

--
-- Dumping data for table `advertising_representatives`
--

INSERT INTO `advertising_representatives` (`id`, `name`, `email`, `mobile`, `job`, `created_at`, `updated_at`, `city_id`, `status`) VALUES
(1, 'احمد', 'ahmed@ahmed.com', '05954037259', 'eng', '2021-04-12 16:13:23', '2022-09-26 16:00:46', 0, 1),
(2, '1', '12@12.com', '0595407259', '1', '2021-05-05 19:30:03', '2022-09-26 16:00:44', 1, 1);

-- --------------------------------------------------------

--
-- Table structure for table `ad_views`
--

CREATE TABLE `ad_views` (
  `id` int(10) UNSIGNED NOT NULL,
  `ads_id` int(11) NOT NULL,
  `user_id` int(11) NOT NULL,
  `created_at` timestamp NULL DEFAULT NULL,
  `updated_at` timestamp NULL DEFAULT NULL
) ENGINE=InnoDB DEFAULT CHARSET=utf8mb4 COLLATE=utf8mb4_unicode_ci;

--
-- Dumping data for table `ad_views`
--

INSERT INTO `ad_views` (`id`, `ads_id`, `user_id`, `created_at`, `updated_at`) VALUES
(1, 13, 2, '2021-04-17 15:47:31', '2021-04-17 15:47:31'),
(2, 8, 2, '2021-04-17 15:48:14', '2021-04-17 15:48:14'),
(3, 7, 2, '2021-04-30 15:39:58', '2021-04-30 15:39:58');

-- --------------------------------------------------------

--
-- Table structure for table `bank_transfers`
--

CREATE TABLE `bank_transfers` (
  `id` int(10) UNSIGNED NOT NULL,
  `bank_id` int(10) UNSIGNED NOT NULL,
  `passbook` varchar(191) DEFAULT NULL,
  `transactionable_type` varchar(191) DEFAULT NULL,
  `transactionable_id` varchar(191) DEFAULT NULL,
  `user_id` int(10) UNSIGNED NOT NULL,
  `description` text NOT NULL,
  `status` tinyint(4) NOT NULL DEFAULT 0 COMMENT '0 =>pending,1 =>acceptable, 2=>unacceptable',
  `created_at` timestamp NULL DEFAULT NULL,
  `updated_at` timestamp NULL DEFAULT NULL
) ENGINE=InnoDB DEFAULT CHARSET=utf8mb4 COLLATE=utf8mb4_unicode_ci;

--
-- Dumping data for table `bank_transfers`
--

INSERT INTO `bank_transfers` (`id`, `bank_id`, `passbook`, `transactionable_type`, `transactionable_id`, `user_id`, `description`, `status`, `created_at`, `updated_at`) VALUES
(1, 1, 'image_1616604142132412912.png', '1', '1', 1, '1', 0, '2021-04-02 19:53:36', NULL),
(2, 1, 'image_1616604142132412912.png', 'App\\Ads', '2', 2, 'الاعلان', 0, '2021-04-02 14:57:57', '2021-04-05 14:57:57'),
(3, 1, 'image_1616604142132412912.png', 'App\\Ads', '2', 2, 'الاعلان', 0, '2021-04-02 15:00:34', '2021-04-05 15:00:34'),
(4, 1, 'image_1616604142132412912.png', 'App\\Ads', '2', 2, 'الاعلان', 0, '2021-04-02 15:01:45', '2021-04-05 15:01:45'),
(5, 1, 'image_1616604142132412912.png', 'App\\Ads', '2', 2, 'الاعلان', 1, '2021-04-02 15:03:05', '2021-04-05 15:21:23'),
(7, 1, NULL, 'App\\Ads', '2', 2, 'الاعلان', 0, '2021-04-08 05:22:19', '2021-04-08 05:22:19'),
(8, 1, NULL, 'App\\Ads', '8', 2, 'الاعلان', 1, '2021-04-08 05:22:52', '2021-04-08 10:18:45'),
(9, 1, 'image_16178670571082855078.png', 'App\\Ads', '9', 2, 'الاعلان', 1, '2021-04-08 05:30:58', '2021-04-08 10:16:13'),
(10, 1, 'image_16179925262029365146.png', 'App\\Ads', '12', 2, 'الاعلان', 1, '2021-04-09 16:22:06', '2021-04-09 16:24:06'),
(11, 1, 'image_1618523176953061537.png', 'App\\Ads', '13', 2, 'الاعلان', 0, '2021-04-15 19:46:16', '2021-04-15 19:46:16');

-- --------------------------------------------------------

--
-- Table structure for table `blogs`
--

CREATE TABLE `blogs` (
  `id` int(10) UNSIGNED NOT NULL,
  `category_id` int(10) UNSIGNED NOT NULL,
  `author_id` int(10) UNSIGNED DEFAULT NULL,
  `image` varchar(255) NOT NULL,
  `numViews` varchar(255) NOT NULL DEFAULT '0',
  `isPublished` tinyint(4) NOT NULL DEFAULT 1 COMMENT '1 =>yes, 0=>no',
  `created_at` timestamp NULL DEFAULT NULL,
  `updated_at` timestamp NULL DEFAULT NULL,
  `deleted_at` timestamp NULL DEFAULT NULL
) ENGINE=InnoDB DEFAULT CHARSET=utf8mb4 COLLATE=utf8mb4_unicode_ci;

--
-- Dumping data for table `blogs`
--

INSERT INTO `blogs` (`id`, `category_id`, `author_id`, `image`, `numViews`, `isPublished`, `created_at`, `updated_at`, `deleted_at`) VALUES
(2, 1, 1, 'image_1616339854991271817.png', '12', 1, '2021-03-21 14:20:14', '2022-09-26 15:41:24', NULL),
(3, 1, 1, 'image_1616339854991271817.png', '66', 0, '2021-03-21 14:20:14', '2021-04-08 06:17:17', NULL),
(4, 1, 1, 'image_1616339854991271817.png', '0', 1, '2021-03-21 14:20:14', '2021-03-21 14:20:14', NULL),
(5, 1, 1, 'image_1616339854991271817.png', '7', 1, '2021-03-21 14:20:14', '2021-04-30 16:41:49', NULL);

-- --------------------------------------------------------

--
-- Table structure for table `blog_comment_warnings`
--

CREATE TABLE `blog_comment_warnings` (
  `id` int(10) UNSIGNED NOT NULL,
  `comment_id` int(10) UNSIGNED NOT NULL,
  `user_id` int(10) UNSIGNED NOT NULL,
  `created_at` timestamp NULL DEFAULT NULL,
  `updated_at` timestamp NULL DEFAULT NULL
) ENGINE=InnoDB DEFAULT CHARSET=utf8mb4 COLLATE=utf8mb4_unicode_ci;

--
-- Dumping data for table `blog_comment_warnings`
--

INSERT INTO `blog_comment_warnings` (`id`, `comment_id`, `user_id`, `created_at`, `updated_at`) VALUES
(1, 2, 1, '2021-04-02 14:16:54', '2021-04-02 14:16:54');

-- --------------------------------------------------------

--
-- Table structure for table `blog_translations`
--

CREATE TABLE `blog_translations` (
  `id` int(10) UNSIGNED NOT NULL,
  `blog_id` int(10) UNSIGNED NOT NULL,
  `locale` varchar(191) NOT NULL,
  `title` text NOT NULL,
  `text` text NOT NULL,
  `tags` text DEFAULT NULL,
  `created_at` timestamp NULL DEFAULT NULL,
  `updated_at` timestamp NULL DEFAULT NULL
) ENGINE=InnoDB DEFAULT CHARSET=utf8mb4 COLLATE=utf8mb4_unicode_ci;

--
-- Dumping data for table `blog_translations`
--

INSERT INTO `blog_translations` (`id`, `blog_id`, `locale`, `title`, `text`, `tags`, `created_at`, `updated_at`) VALUES
(1, 2, 'ar', 'اعلان جديد للبدء حول فكرة ممتازة في بناء مشروع الغزالي', '<p>نص نص نص&nbsp;</p>', 'نص نص', '2021-03-21 14:20:14', '2021-03-24 15:47:43'),
(3, 3, 'ar', 'اعلان جديد للبدء حول فكرة ممتازة في بناء مشروع', '<p>نص نص نص&nbsp;</p>', 'نص نص', '2021-03-21 14:20:14', '2021-03-21 14:20:14'),
(4, 4, 'ar', 'اعلان جديد للبدء حول فكرة ممتازة في بناء مشروع', '<p>نص نص نص&nbsp;</p>', 'نص نص', '2021-03-21 14:20:14', '2021-03-21 14:20:14'),
(6, 5, 'ar', 'اعلان جديد للبدء حول فكرة ممتازة في بناء مشروع', '<p>نص نص نص&nbsp;</p>', 'نص نص', '2021-03-21 14:20:14', '2021-03-21 14:20:14');

-- --------------------------------------------------------

--
-- Table structure for table `code_users`
--

CREATE TABLE `code_users` (
  `id` int(10) UNSIGNED NOT NULL,
  `code` varchar(255) NOT NULL,
  `user_id` int(10) UNSIGNED NOT NULL,
  `created_at` timestamp NULL DEFAULT NULL,
  `updated_at` timestamp NULL DEFAULT NULL
) ENGINE=InnoDB DEFAULT CHARSET=utf8mb3 COLLATE=utf8mb3_general_ci;

--
-- Dumping data for table `code_users`
--

INSERT INTO `code_users` (`id`, `code`, `user_id`, `created_at`, `updated_at`) VALUES
(1, 'AAH4G7', 5, '2021-04-30 17:04:38', '2021-04-30 17:04:38'),
(2, 'hsEUKy', 6, '2021-04-30 17:09:04', '2021-04-30 17:09:04'),
(3, '1BWmzI', 7, '2021-04-30 17:13:33', '2021-04-30 17:13:33'),
(4, 'hxcqIq', 8, '2021-04-30 17:15:18', '2021-04-30 17:15:18'),
(5, 'Yuw6B7', 9, '2021-04-30 17:19:35', '2021-04-30 17:19:35'),
(6, 'tTpJY6', 10, '2021-05-05 19:46:21', '2021-05-05 19:46:21'),
(10, '3LukuB', 11, '2022-11-17 11:33:37', '2022-11-17 11:33:37');

-- --------------------------------------------------------

--
-- Table structure for table `faqs`
--

CREATE TABLE `faqs` (
  `id` int(10) UNSIGNED NOT NULL,
  `category_id` int(10) UNSIGNED NOT NULL,
  `created_at` timestamp NULL DEFAULT NULL,
  `updated_at` timestamp NULL DEFAULT NULL,
  `deleted_at` timestamp NULL DEFAULT NULL
) ENGINE=InnoDB DEFAULT CHARSET=utf8mb4 COLLATE=utf8mb4_unicode_ci;

--
-- Dumping data for table `faqs`
--

INSERT INTO `faqs` (`id`, `category_id`, `created_at`, `updated_at`, `deleted_at`) VALUES
(1, 2, '2021-03-21 13:44:30', '2021-03-21 13:48:10', NULL),
(2, 2, '2021-03-22 14:57:00', '2021-03-22 14:57:00', NULL),
(3, 2, '2021-03-22 14:57:14', '2021-03-22 14:57:14', NULL),
(4, 1, '2021-03-22 14:57:32', '2021-03-22 14:57:32', NULL),
(5, 2, '2021-03-22 14:57:46', '2021-03-22 14:57:46', NULL);

-- --------------------------------------------------------

--
-- Table structure for table `faqs_translations`
--

CREATE TABLE `faqs_translations` (
  `id` int(10) UNSIGNED NOT NULL,
  `faqs_id` int(10) UNSIGNED NOT NULL,
  `locale` varchar(191) NOT NULL,
  `question` text NOT NULL,
  `answer` text NOT NULL,
  `created_at` timestamp NULL DEFAULT NULL,
  `updated_at` timestamp NULL DEFAULT NULL
) ENGINE=InnoDB DEFAULT CHARSET=utf8mb4 COLLATE=utf8mb4_unicode_ci;

--
-- Dumping data for table `faqs_translations`
--

INSERT INTO `faqs_translations` (`id`, `faqs_id`, `locale`, `question`, `answer`, `created_at`, `updated_at`) VALUES
(1, 1, 'ar', 'لدي طلب اعلانات عالقة لهذه اللحظة', 'هذا النص هو هذا النص هو مثال لنص يمكن أن يستبدل في نفس المساحة، لقد تم توليد هذا النص من مولد النص العربى، حيث يمكنك أن تولد مثل هذا النص أو العديد من النصوص الأخرى إضافة إلى زيادة عدد الحروف التى يولدها التطبيق.', '2021-03-21 13:44:30', '2021-03-21 13:44:30'),
(2, 2, 'ar', 'كيف يمكنني نشر اعلان جديد', 'هذا النص هو مثال لنص يمكن أن يستبدل في نفس المساحة، لقد تم توليد هذا النص من مولد النص العربى، حيث يمكنك أن تولد مثل هذا النص أو العديد من النصوص الأخرى إضافة إلى زيادة عدد الحروف التى يولدها التطبيق.', '2021-03-22 14:57:00', '2021-03-22 14:57:00'),
(3, 3, 'ar', 'متى استطيع سحب مستحقاتي', 'هذا النص هو هذا النص هو مثال لنص يمكن أن يستبدل في نفس المساحة، لقد تم توليد هذا النص من مولد النص العربى، حيث يمكنك أن تولد مثل هذا النص أو العديد من النصوص الأخرى إضافة إلى زيادة عدد الحروف التى يولدها التطبيق.', '2021-03-22 14:57:14', '2021-03-22 14:57:14'),
(4, 4, 'ar', 'هل استطيع ايقاف الاعلانات لمدة مؤقتة', 'هذا النص هو هذا النص هو مثال لنص يمكن أن يستبدل في نفس المساحة، لقد تم توليد هذا النص من مولد النص العربى، حيث يمكنك أن تولد مثل هذا النص أو العديد من النصوص الأخرى إضافة إلى زيادة عدد الحروف التى يولدها التطبيق.', '2021-03-22 14:57:32', '2021-03-22 14:57:32'),
(5, 5, 'ar', 'متى سينشر اعلاني للعامة', 'هذا النص هو هذا النص هو مثال لنص يمكن أن يستبدل في نفس المساحة، لقد تم توليد هذا النص من مولد النص العربى، حيث يمكنك أن تولد مثل هذا النص أو العديد من النصوص الأخرى إضافة إلى زيادة عدد الحروف التى يولدها التطبيق.', '2021-03-22 14:57:46', '2021-03-22 14:57:46');

-- --------------------------------------------------------

--
-- Table structure for table `front_social_media`
--

CREATE TABLE `front_social_media` (
  `id` int(10) UNSIGNED NOT NULL,
  `social_id` int(10) UNSIGNED NOT NULL,
  `link` text CHARACTER SET utf8mb4 COLLATE utf8mb4_unicode_ci NOT NULL
) ENGINE=InnoDB DEFAULT CHARSET=utf8mb3 COLLATE=utf8mb3_general_ci;

--
-- Dumping data for table `front_social_media`
--

INSERT INTO `front_social_media` (`id`, `social_id`, `link`) VALUES
(1, 1, 'https://www.facebook.com'),
(2, 2, 'https://www.twitter.com'),
(4, 4, '#'),
(5, 5, '#'),
(6, 6, '#'),
(7, 7, '#');

-- --------------------------------------------------------

--
-- Table structure for table `gifts`
--

CREATE TABLE `gifts` (
  `id` int(10) UNSIGNED NOT NULL,
  `image` varchar(255) NOT NULL,
  `price` double DEFAULT NULL,
  `status` tinyint(4) NOT NULL DEFAULT 1 COMMENT '1 =>yes, 0=>no',
  `created_at` timestamp NULL DEFAULT NULL,
  `updated_at` timestamp NULL DEFAULT NULL,
  `deleted_at` timestamp NULL DEFAULT NULL
) ENGINE=InnoDB DEFAULT CHARSET=utf8mb4 COLLATE=utf8mb4_unicode_ci;

--
-- Dumping data for table `gifts`
--

INSERT INTO `gifts` (`id`, `image`, `price`, `status`, `created_at`, `updated_at`, `deleted_at`) VALUES
(1, 'image_1616606171489012298.png', 121, 1, '2021-03-24 16:16:21', '2021-03-24 16:16:21', NULL),
(2, 'image_1616606171489012298.png', NULL, 1, '2021-03-24 16:16:21', '2021-03-24 16:16:21', NULL),
(3, 'image_1616606171489012298.png', NULL, 1, '2021-03-24 16:16:21', '2021-03-24 16:16:21', NULL),
(4, 'image_1616606171489012298.png', NULL, 1, '2021-03-24 16:16:21', '2021-03-24 16:16:21', NULL),
(5, 'image_1616606171489012298.png', 12, 1, '2021-03-24 16:16:21', '2021-03-24 16:16:21', NULL);

-- --------------------------------------------------------

--
-- Table structure for table `gifts_requests`
--

CREATE TABLE `gifts_requests` (
  `id` int(10) UNSIGNED NOT NULL,
  `gift_id` int(10) UNSIGNED NOT NULL,
  `user_id` int(10) UNSIGNED NOT NULL,
  `status` tinyint(4) NOT NULL DEFAULT 0 COMMENT '0 =>pending,1 =>acceptable, 2=>unacceptable',
  `created_at` timestamp NULL DEFAULT NULL,
  `updated_at` timestamp NULL DEFAULT NULL
) ENGINE=InnoDB DEFAULT CHARSET=utf8mb4 COLLATE=utf8mb4_unicode_ci;

--
-- Dumping data for table `gifts_requests`
--

INSERT INTO `gifts_requests` (`id`, `gift_id`, `user_id`, `status`, `created_at`, `updated_at`) VALUES
(1, 1, 1, 1, '2021-04-08 11:11:22', '2021-04-08 08:47:00'),
(2, 5, 2, 3, '2021-04-08 13:40:51', '2021-04-08 14:49:54'),
(3, 5, 2, 3, '2021-04-08 14:50:17', '2021-04-08 14:50:25'),
(4, 1, 2, 3, '2021-04-08 14:50:35', '2021-04-08 14:53:35'),
(5, 5, 2, 1, '2021-04-08 14:53:38', '2021-04-17 14:48:15'),
(6, 2, 3, 0, '2021-05-05 22:05:21', '2021-05-05 22:05:21');

-- --------------------------------------------------------

--
-- Table structure for table `gifts_translations`
--

CREATE TABLE `gifts_translations` (
  `id` int(10) UNSIGNED NOT NULL,
  `gifts_id` int(10) UNSIGNED NOT NULL,
  `locale` varchar(191) NOT NULL,
  `title` text DEFAULT NULL,
  `text` text DEFAULT NULL,
  `created_at` timestamp NULL DEFAULT NULL,
  `updated_at` timestamp NULL DEFAULT NULL
) ENGINE=InnoDB DEFAULT CHARSET=utf8mb4 COLLATE=utf8mb4_unicode_ci;

--
-- Dumping data for table `gifts_translations`
--

INSERT INTO `gifts_translations` (`id`, `gifts_id`, `locale`, `title`, `text`, `created_at`, `updated_at`) VALUES
(1, 1, 'ar', 'كاميرا نيكون 850D', '<p>وصف</p>', '2021-03-24 16:16:21', '2021-03-24 16:16:21'),
(4, 2, 'ar', 'كاميرا نيكون 850D', '<p>وصف</p>', '2021-03-24 16:16:21', '2021-03-24 16:16:21'),
(5, 3, 'ar', 'كاميرا نيكون 850D', '<p>وصف</p>', '2021-03-24 16:16:21', '2021-03-24 16:16:21'),
(7, 4, 'ar', 'كاميرا نيكون 850D', '<p>وصف</p>', '2021-03-24 16:16:21', '2021-03-24 16:16:21'),
(8, 5, 'ar', 'كاميرا نيكون 850D', '<p>وصف</p>', '2021-03-24 16:16:21', '2021-03-24 16:16:21');

-- --------------------------------------------------------

--
-- Table structure for table `goal_advertisements`
--

CREATE TABLE `goal_advertisements` (
  `id` int(10) UNSIGNED NOT NULL,
  `ads_id` int(10) UNSIGNED NOT NULL,
  `goal_id` int(10) UNSIGNED NOT NULL,
  `created_at` timestamp NULL DEFAULT NULL,
  `updated_at` timestamp NULL DEFAULT NULL
) ENGINE=InnoDB DEFAULT CHARSET=utf8mb4 COLLATE=utf8mb4_unicode_ci;

-- --------------------------------------------------------

--
-- Table structure for table `images`
--

CREATE TABLE `images` (
  `id` int(10) UNSIGNED NOT NULL,
  `display_name` varchar(190) NOT NULL,
  `file_name` varchar(190) NOT NULL,
  `mime_type` varchar(190) NOT NULL,
  `size` bigint(20) DEFAULT 0,
  `created_at` timestamp NULL DEFAULT NULL,
  `updated_at` timestamp NULL DEFAULT NULL,
  `deleted_at` timestamp NULL DEFAULT NULL
) ENGINE=InnoDB DEFAULT CHARSET=utf8mb4 COLLATE=utf8mb4_unicode_ci;

--
-- Dumping data for table `images`
--

INSERT INTO `images` (`id`, `display_name`, `file_name`, `mime_type`, `size`, `created_at`, `updated_at`, `deleted_at`) VALUES
(1, 'تنزيل.jpg', 'image_16155697461685101444.jpg', 'jpg', 0, '2021-03-12 16:22:26', '2021-03-12 16:22:26', NULL),
(2, 'notification-sounds.mp3', 'file_1615569747251131616.mp3', 'mp3', 0, '2021-03-12 16:22:27', '2021-03-12 16:22:27', NULL),
(3, '1613636886_842.png', 'image_1616339854991271817.png', 'png', 0, '2021-03-21 14:17:35', '2021-03-21 14:17:35', NULL),
(4, 'avatar.png', 'image_1616604097331708375.png', 'png', 0, '2021-03-24 15:41:37', '2021-03-24 15:41:37', NULL),
(5, 'avatar.png', 'image_1616604142132412912.png', 'png', 0, '2021-03-24 15:42:22', '2021-03-24 15:42:22', NULL),
(6, 'img_1.png', 'image_1616606171489012298.png', 'png', 0, '2021-03-24 16:16:11', '2021-03-24 16:16:11', NULL),
(7, 'logo (1).png', 'image_1616772769812260160.png', 'png', 0, '2021-03-26 14:32:49', '2021-03-26 14:32:49', NULL),
(8, 'logo-white.png', 'image_16167727721515583652.png', 'png', 0, '2021-03-26 14:32:53', '2021-03-26 14:32:53', NULL),
(9, 'تنزيل.jpg', 'image_1616775691234580605.jpg', 'jpg', 0, '2021-03-26 15:21:31', '2021-03-26 15:21:31', NULL),
(10, 'avatar.png', 'image_16167757021121261155.png', 'png', 0, '2021-03-26 15:21:42', '2021-03-26 15:21:42', NULL),
(11, 'تنزيل.jpg', 'image_16167757401604486268.jpg', 'jpg', 0, '2021-03-26 15:22:20', '2021-03-26 15:22:20', NULL),
(12, 'تنزيل.jpg', 'image_1616775771358499460.jpg', 'jpg', 0, '2021-03-26 15:22:51', '2021-03-26 15:22:51', NULL),
(13, 'تنزيل.jpg', 'image_16167758591766720458.jpg', 'jpg', 0, '2021-03-26 15:24:19', '2021-03-26 15:24:19', NULL),
(14, 'signUpBg.png', 'file_1617864849457108844.png', 'png', 0, '2021-04-08 04:54:09', '2021-04-08 04:54:09', NULL),
(15, 'avatar.png', 'file_16178652031320387193.png', 'png', 0, '2021-04-08 05:00:03', '2021-04-08 05:00:03', NULL),
(16, 'video.mp4', 'file_16178652891557980910.mp4', 'mp4', 0, '2021-04-08 05:01:29', '2021-04-08 05:01:29', NULL),
(17, 'video.mp4', 'file_16178655161530486916.mp4', 'mp4', 0, '2021-04-08 05:05:18', '2021-04-08 05:05:18', NULL),
(18, 'img_5.png', 'file_1617865525361144294.png', 'png', 0, '2021-04-08 05:05:25', '2021-04-08 05:05:25', NULL),
(19, 'img_5.png', 'file_1617865576240002529.png', 'png', 0, '2021-04-08 05:06:16', '2021-04-08 05:06:16', NULL),
(20, 'img_5.png', 'file_16178661691157373428.png', 'png', 0, '2021-04-08 05:16:09', '2021-04-08 05:16:09', NULL),
(21, '143434399543.mp4', 'file_16178661841638372869.mp4', 'mp4', 0, '2021-04-08 05:16:24', '2021-04-08 05:16:24', NULL),
(22, 'img_5.png', 'file_1617866211443787315.png', 'png', 0, '2021-04-08 05:16:51', '2021-04-08 05:16:51', NULL),
(23, 'img_6.png', 'file_16178670121423737020.png', 'png', 0, '2021-04-08 05:30:12', '2021-04-08 05:30:12', NULL),
(24, '143434399543.mp4', 'file_16178670171898861825.mp4', 'mp4', 0, '2021-04-08 05:30:17', '2021-04-08 05:30:17', NULL),
(25, 'img_5.png', 'image_16178670571082855078.png', 'png', 0, '2021-04-08 05:30:58', '2021-04-08 05:30:58', NULL),
(26, 'img_5.png', 'file_1617867109318691115.png', 'png', 0, '2021-04-08 05:31:49', '2021-04-08 05:31:49', NULL),
(27, '143434399543.mp4', 'file_1617873837551504248.mp4', 'mp4', 0, '2021-04-08 07:23:57', '2021-04-08 07:23:57', NULL),
(28, '143434399543.mp4', 'file_16178741012016467272.mp4', 'mp4', 0, '2021-04-08 07:28:21', '2021-04-08 07:28:21', NULL),
(29, '143434399543.mp4', 'file_16178741331186618112.mp4', 'mp4', 0, '2021-04-08 07:28:53', '2021-04-08 07:28:53', NULL),
(30, '143434399543.mp4', 'file_16178741711533479224.mp4', 'mp4', 0, '2021-04-08 07:29:31', '2021-04-08 07:29:31', NULL),
(31, '143434399543.mp4', 'file_16178742151941005353.mp4', 'mp4', 0, '2021-04-08 07:30:15', '2021-04-08 07:30:15', NULL),
(32, 'img_5.png', 'file_1617992296313448955.png', 'png', 0, '2021-04-09 16:18:16', '2021-04-09 16:18:16', NULL),
(33, 'img_6.png', 'image_16179925262029365146.png', 'png', 0, '2021-04-09 16:22:06', '2021-04-09 16:22:06', NULL),
(34, 'img_6.png', 'file_1617992554977375418.png', 'png', 0, '2021-04-09 16:22:34', '2021-04-09 16:22:34', NULL),
(35, 'img_5.png', 'file_1617993977564656518.png', 'png', 0, '2021-04-09 16:46:17', '2021-04-09 16:46:17', NULL),
(36, 'img_6.png', 'file_16179944341214115319.png', 'png', 0, '2021-04-09 16:53:55', '2021-04-09 16:53:55', NULL),
(37, 'مستند نصي جديد.txt', 'file_1618515798876713969.txt', 'txt', 0, '2021-04-15 17:43:18', '2021-04-15 17:43:18', NULL),
(38, 'مستند نصي جديد.txt', 'file_16185158052072473643.txt', 'txt', 0, '2021-04-15 17:43:25', '2021-04-15 17:43:25', NULL),
(39, 'مستند نصي جديد.txt', 'file_1618515807595525962.txt', 'txt', 0, '2021-04-15 17:43:27', '2021-04-15 17:43:27', NULL),
(40, 'مستند نصي جديد.txt', 'file_16185165471934788764.txt', 'txt', 0, '2021-04-15 17:55:47', '2021-04-15 17:55:47', NULL),
(41, 'مستند نصي جديد.txt', 'file_16185166561721307260.txt', 'txt', 0, '2021-04-15 17:57:36', '2021-04-15 17:57:36', NULL),
(42, 'مستند نصي جديد.txt', 'file_16185167741639398086.txt', 'txt', 0, '2021-04-15 17:59:34', '2021-04-15 17:59:34', NULL),
(43, 'مستند نصي جديد.txt', 'file_16185171091683905820.txt', 'txt', 0, '2021-04-15 18:05:09', '2021-04-15 18:05:09', NULL),
(44, '1613636886_842.png', 'file_1618522867677688091.png', 'png', 0, '2021-04-15 19:41:08', '2021-04-15 19:41:08', NULL),
(45, '1613636886_842.png', 'file_1618522870382190586.png', 'png', 0, '2021-04-15 19:41:11', '2021-04-15 19:41:11', NULL),
(46, '1613636886_842.png', 'file_16185231131707104523.png', 'png', 0, '2021-04-15 19:45:13', '2021-04-15 19:45:13', NULL),
(47, '1606038616_220.png', 'file_16185231221739124014.png', 'png', 0, '2021-04-15 19:45:22', '2021-04-15 19:45:22', NULL),
(48, '143434399543.mp4', 'file_1618523136301342829.mp4', 'mp4', 0, '2021-04-15 19:45:36', '2021-04-15 19:45:36', NULL),
(49, '143434399543.mp4', 'file_1618523140975824658.mp4', 'mp4', 0, '2021-04-15 19:45:40', '2021-04-15 19:45:40', NULL),
(50, '1613636886_842.png', 'image_1618523176953061537.png', 'png', 0, '2021-04-15 19:46:16', '2021-04-15 19:46:16', NULL),
(51, '1613636886_842.png', 'file_16185256801598898038.png', 'png', 0, '2021-04-15 20:28:00', '2021-04-15 20:28:00', NULL),
(52, 'file_1617992296313448955.png', 'file_16185259681255891719.png', 'png', 0, '2021-04-15 20:32:48', '2021-04-15 20:32:48', NULL),
(53, 'file_16178670121423737020.png', 'file_16185260071277606559.png', 'png', 0, '2021-04-15 20:33:27', '2021-04-15 20:33:27', NULL),
(54, '1613636886_842.png', 'file_1618526028304698736.png', 'png', 0, '2021-04-15 20:33:48', '2021-04-15 20:33:48', NULL),
(55, 'img_2.png', 'file_16185260541975441108.png', 'png', 0, '2021-04-15 20:34:14', '2021-04-15 20:34:14', NULL),
(56, 'img_2.png', 'file_1618526070229109965.png', 'png', 0, '2021-04-15 20:34:30', '2021-04-15 20:34:30', NULL),
(57, 'img_2.png', 'file_16185260851455848251.png', 'png', 0, '2021-04-15 20:34:45', '2021-04-15 20:34:45', NULL),
(58, 'img_2.png', 'file_16185261001686346928.png', 'png', 0, '2021-04-15 20:35:00', '2021-04-15 20:35:00', NULL),
(59, 'img_2.png', 'file_16185261111041634553.png', 'png', 0, '2021-04-15 20:35:11', '2021-04-15 20:35:11', NULL),
(60, '1613636886_842.png', 'file_1618526124244179447.png', 'png', 0, '2021-04-15 20:35:24', '2021-04-15 20:35:24', NULL),
(61, '1613636886_842.png', 'file_16185264851920136781.png', 'png', 0, '2021-04-15 20:41:25', '2021-04-15 20:41:25', NULL),
(62, '1606038616_220.png', 'file_1618526485223029638.png', 'png', 0, '2021-04-15 20:41:25', '2021-04-15 20:41:25', NULL),
(63, 'file_16178670121423737020.png', 'file_1618526496997302783.png', 'png', 0, '2021-04-15 20:41:36', '2021-04-15 20:41:36', NULL),
(64, 'img_2.png', 'file_16185266422097476383.png', 'png', 0, '2021-04-15 20:44:02', '2021-04-15 20:44:02', NULL),
(65, 'file_16178670121423737020.png', 'file_16185266421144139211.png', 'png', 0, '2021-04-15 20:44:02', '2021-04-15 20:44:02', NULL),
(66, 'file_1617992296313448955.png', 'file_16185266421382849556.png', 'png', 0, '2021-04-15 20:44:02', '2021-04-15 20:44:02', NULL),
(67, '143434399543.mp4', 'file_1618527269253848646.mp4', 'mp4', 0, '2021-04-15 20:54:29', '2021-04-15 20:54:29', NULL),
(68, '143434399543.mp4', 'file_16185275511075649675.mp4', 'mp4', 0, '2021-04-15 20:59:11', '2021-04-15 20:59:11', NULL),
(69, 'VID-20210610-WA0001.mp4', 'file_1623601608485090837.mp4', 'mp4', 0, '2021-06-13 14:26:49', '2021-06-13 14:26:49', NULL),
(70, 'VID-20210610-WA0001.mp4', 'file_1623601637487430018.mp4', 'mp4', 0, '2021-06-13 14:27:18', '2021-06-13 14:27:18', NULL);

-- --------------------------------------------------------

--
-- Table structure for table `messages`
--

CREATE TABLE `messages` (
  `id` int(10) UNSIGNED NOT NULL,
  `from_user_id` int(10) UNSIGNED NOT NULL,
  `to_user_id` int(10) UNSIGNED NOT NULL,
  `is_readed` tinyint(4) NOT NULL DEFAULT 0 COMMENT '1 =>yse, 0 => no',
  `created_at` timestamp NULL DEFAULT NULL,
  `updated_at` timestamp NULL DEFAULT NULL,
  `deleted_at` timestamp NULL DEFAULT NULL
) ENGINE=InnoDB DEFAULT CHARSET=utf8mb3 COLLATE=utf8mb3_general_ci;

--
-- Dumping data for table `messages`
--

INSERT INTO `messages` (`id`, `from_user_id`, `to_user_id`, `is_readed`, `created_at`, `updated_at`, `deleted_at`) VALUES
(1, 2, 3, 0, '2021-03-28 17:39:44', '2021-04-09 15:59:17', NULL),
(2, 4, 2, 1, '2021-04-09 15:52:43', '2021-04-09 16:00:08', NULL);

-- --------------------------------------------------------

--
-- Table structure for table `migrations`
--

CREATE TABLE `migrations` (
  `id` int(10) UNSIGNED NOT NULL,
  `migration` varchar(191) NOT NULL,
  `batch` int(11) NOT NULL
) ENGINE=InnoDB DEFAULT CHARSET=utf8mb4 COLLATE=utf8mb4_unicode_ci;

--
-- Dumping data for table `migrations`
--

INSERT INTO `migrations` (`id`, `migration`, `batch`) VALUES
(202, '2020_08_24_084242_create_pages_table', 83),
(203, '2020_08_24_084306_create_pages_translations_table', 83),
(256, '2016_06_01_000001_create_oauth_auth_codes_table', 84),
(257, '2016_06_01_000002_create_oauth_access_tokens_table', 85),
(258, '2016_06_01_000003_create_oauth_refresh_tokens_table', 85),
(259, '2016_06_01_000004_create_oauth_clients_table', 85),
(260, '2016_06_01_000005_create_oauth_personal_access_clients_table', 85),
(261, '2020_06_15_061635_create_categories_table', 85),
(262, '2021_03_12_161359_create_products_table', 85),
(265, '2021_03_21_142301_create_faqs_table', 86),
(266, '2021_03_21_142338_create_faqs_translations_table', 86),
(273, '2021_03_21_144903_create_blogs_table', 87),
(274, '2021_03_21_144935_create_blog_translations_table', 87),
(275, '2021_03_21_152215_create_post_comments_table', 88),
(276, '2021_03_22_142740_create_tickets_table', 89),
(277, '2021_03_22_142812_create_ticket_replies_table', 89),
(280, '2021_03_24_165329_create_gifts_table', 90),
(281, '2021_03_24_165519_create_gifts_translations_table', 90),
(282, '2021_03_26_165045_create_ads11_table', 91),
(283, '2021_03_26_170802_create_goal_advertisements_table', 91),
(284, '2021_03_28_162940_create_messages_table', 92),
(285, '2021_03_28_162957_create_reply_messages_table', 92),
(286, '2021_03_22_143005_create_constants_table', 93),
(287, '2021_03_28_165802_create_constants_parents_table', 93),
(288, '2021_04_02_155900_create_blog_comment_warnings_table', 94),
(289, '2021_04_04_183443_create_bank_transfers_table', 95),
(290, '2021_04_04_184046_create_transactions_table', 96),
(291, '2021_04_05_142902_create_user_interests_table', 97),
(292, '2021_03_26_165045_create_ads_table', 98),
(293, '2021_04_05_151508_create_target_audience_aadvertisements_table', 98),
(294, '2021_04_05_151917_create_advertising_goals_table', 98),
(295, '2021_04_05_171539_create_notifications_table', 99),
(296, '2021_04_06_172628_create_ads_comments_table', 100),
(297, '2021_04_06_172647_create_ads_comment_warnings_table', 100),
(298, '2021_04_08_095233_create_gifts_requests_table', 101),
(299, '2021_04_08_101713_create_user_balances_table', 102),
(300, '2021_04_08_172956_create_ads_likes_table', 103),
(301, '2021_04_09_101546_create_code_users_table', 104),
(302, '2021_04_09_135426_create_social_accounts_table', 105),
(304, '2021_04_12_160738_create_advertising_representatives_table', 106),
(305, '2021_04_15_190922_add_attachment_to_tickets_table', 107),
(306, '2021_04_15_192327_create_ticket_attachments_table', 108),
(307, '2021_04_15_210450_create_ads_media_table', 109),
(308, '2021_04_17_164518_add_cost_view_to_ads_table', 110),
(309, '2021_04_17_165133_add_cost_achieving_goal_to_ads_table', 111),
(310, '2021_04_17_172446_create_ad_views_table', 112),
(311, '2021_05_05_212417_add_city_id_to_advertising_representatives_table', 113),
(312, '2021_05_05_220358_create_quantities_gifts_table', 114),
(313, '2021_05_06_191627_add_is_special_to_ads_table', 115);

-- --------------------------------------------------------

--
-- Table structure for table `model_has_permissions`
--

CREATE TABLE `model_has_permissions` (
  `permission_id` bigint(20) UNSIGNED NOT NULL,
  `model_type` varchar(191) NOT NULL,
  `model_id` bigint(20) UNSIGNED NOT NULL
) ENGINE=InnoDB DEFAULT CHARSET=utf8mb4 COLLATE=utf8mb4_unicode_ci;

--
-- Dumping data for table `model_has_permissions`
--

INSERT INTO `model_has_permissions` (`permission_id`, `model_type`, `model_id`) VALUES
(19, 'App\\Models\\employees', 50),
(20, 'App\\Models\\employees', 50),
(21, 'App\\Models\\employees', 50),
(22, 'App\\Models\\employees', 50),
(23, 'App\\Models\\employees', 50),
(24, 'App\\Models\\employees', 50),
(25, 'App\\Models\\employees', 50),
(26, 'App\\Models\\employees', 50),
(27, 'App\\Models\\employees', 50),
(28, 'App\\Models\\employees', 50),
(29, 'App\\Models\\employees', 50),
(30, 'App\\Models\\employees', 50),
(188, 'App\\Models\\employees', 50),
(189, 'App\\Models\\employees', 50),
(190, 'App\\Models\\employees', 50),
(191, 'App\\Models\\employees', 50),
(192, 'App\\Models\\employees', 50),
(25, 'App\\Models\\employees', 52),
(29, 'App\\Models\\employees', 52),
(30, 'App\\Models\\employees', 52),
(25, 'App\\Models\\employees', 76),
(29, 'App\\Models\\employees', 76),
(30, 'App\\Models\\employees', 76),
(25, 'App\\Models\\employees', 77),
(29, 'App\\Models\\employees', 77),
(30, 'App\\Models\\employees', 77),
(19, 'App\\Models\\employees', 80),
(20, 'App\\Models\\employees', 80),
(23, 'App\\Models\\employees', 80),
(24, 'App\\Models\\employees', 80),
(25, 'App\\Models\\employees', 80),
(26, 'App\\Models\\employees', 80),
(27, 'App\\Models\\employees', 80),
(28, 'App\\Models\\employees', 80),
(29, 'App\\Models\\employees', 80),
(30, 'App\\Models\\employees', 80),
(188, 'App\\Models\\employees', 80),
(189, 'App\\Models\\employees', 80),
(25, 'App\\Models\\employees', 81),
(29, 'App\\Models\\employees', 81),
(30, 'App\\Models\\employees', 81),
(189, 'App\\Models\\employees', 81),
(19, 'App\\Models\\employees', 50),
(20, 'App\\Models\\employees', 50),
(21, 'App\\Models\\employees', 50),
(22, 'App\\Models\\employees', 50),
(23, 'App\\Models\\employees', 50),
(24, 'App\\Models\\employees', 50),
(25, 'App\\Models\\employees', 50),
(26, 'App\\Models\\employees', 50),
(27, 'App\\Models\\employees', 50),
(28, 'App\\Models\\employees', 50),
(29, 'App\\Models\\employees', 50),
(30, 'App\\Models\\employees', 50),
(188, 'App\\Models\\employees', 50),
(189, 'App\\Models\\employees', 50),
(190, 'App\\Models\\employees', 50),
(191, 'App\\Models\\employees', 50),
(192, 'App\\Models\\employees', 50),
(25, 'App\\Models\\employees', 52),
(29, 'App\\Models\\employees', 52),
(30, 'App\\Models\\employees', 52),
(25, 'App\\Models\\employees', 76),
(29, 'App\\Models\\employees', 76),
(30, 'App\\Models\\employees', 76),
(25, 'App\\Models\\employees', 77),
(29, 'App\\Models\\employees', 77),
(30, 'App\\Models\\employees', 77),
(19, 'App\\Models\\employees', 80),
(20, 'App\\Models\\employees', 80),
(23, 'App\\Models\\employees', 80),
(24, 'App\\Models\\employees', 80),
(25, 'App\\Models\\employees', 80),
(26, 'App\\Models\\employees', 80),
(27, 'App\\Models\\employees', 80),
(28, 'App\\Models\\employees', 80),
(29, 'App\\Models\\employees', 80),
(30, 'App\\Models\\employees', 80),
(188, 'App\\Models\\employees', 80),
(189, 'App\\Models\\employees', 80),
(25, 'App\\Models\\employees', 81),
(29, 'App\\Models\\employees', 81),
(30, 'App\\Models\\employees', 81),
(189, 'App\\Models\\employees', 81);

-- --------------------------------------------------------

--
-- Table structure for table `model_has_roles`
--

CREATE TABLE `model_has_roles` (
  `role_id` bigint(20) UNSIGNED NOT NULL,
  `model_type` varchar(191) NOT NULL,
  `model_id` bigint(20) UNSIGNED NOT NULL
) ENGINE=InnoDB DEFAULT CHARSET=utf8mb4 COLLATE=utf8mb4_unicode_ci;

-- --------------------------------------------------------

--
-- Table structure for table `notifications`
--

CREATE TABLE `notifications` (
  `id` int(10) UNSIGNED NOT NULL,
  `title` text NOT NULL,
  `text` text NOT NULL,
  `icon` varchar(255) NOT NULL,
  `is_show` tinyint(4) NOT NULL DEFAULT 0,
  `user_id` int(10) UNSIGNED NOT NULL,
  `created_at` timestamp NULL DEFAULT NULL,
  `updated_at` timestamp NULL DEFAULT NULL
) ENGINE=InnoDB DEFAULT CHARSET=utf8mb3 COLLATE=utf8mb3_general_ci;

--
-- Dumping data for table `notifications`
--

INSERT INTO `notifications` (`id`, `title`, `text`, `icon`, `is_show`, `user_id`, `created_at`, `updated_at`) VALUES
(1, 'تهانينا ! تم قبول طلب استبدال الهدية ', 'تهانينا ! تم قبول طلب استبدال الهدية ', 'notice_rejection.png', 0, 1, '2021-04-08 08:45:42', '2021-04-08 08:45:42'),
(2, 'تهانينا ! تم قبول طلب استبدال الهدية ', 'تهانينا ! تم قبول طلب استبدال الهدية ', 'notice_rejection.png', 0, 1, '2021-04-08 08:46:12', '2021-04-08 08:46:12'),
(3, 'تهانينا ! تم قبول طلب استبدال الهدية ', 'تهانينا ! تم قبول طلب استبدال الهدية ', 'notice_rejection.png', 0, 1, '2021-04-08 08:47:00', '2021-04-08 08:47:00'),
(5, 'تهانينا ! تم قبول التحويل البنكي', 'تم مراجعه طلب التحويل البنكى وقبوله', 'notice_rejection.png', 1, 2, '2021-04-08 10:18:45', '2021-04-17 12:15:01'),
(6, 'تهانينا ! تم قبول التحويل البنكي', 'تم مراجعه طلب التحويل البنكى وقبوله', 'notice_rejection.png', 1, 2, '2021-04-09 16:24:06', '2021-04-17 12:15:01'),
(7, 'تهانينا ! تم قبول التحويل البنكي', 'تم مراجعه طلب التحويل البنكى وقبوله', 'notice_rejection.png', 1, 2, '2021-04-09 16:24:06', '2021-04-17 12:15:29'),
(8, 'تهانينا ! تم قبول طلب استبدال الهدية ', 'تهانينا ! تم قبول طلب استبدال الهدية ', 'notice_rejection.png', 1, 2, '2021-04-17 14:48:15', '2021-04-17 15:21:40'),
(9, 'تهانينا ! تم قبول طلب استبدال الهدية ', 'تهانينا ! تم قبول طلب استبدال الهدية ', 'notice_rejection.png', 1, 3, '2021-05-05 22:05:38', '2021-05-05 22:05:45'),
(10, 'تهانينا ! تم قبول طلب استبدال الهدية ', 'تهانينا ! تم قبول طلب استبدال الهدية ', 'notice_rejection.png', 1, 3, '2021-05-05 22:08:03', '2021-05-05 22:08:41'),
(11, 'Hi', 'Hi', 'notice_rejection.png', 0, 9, '2021-05-06 17:13:29', '2021-05-06 17:13:29'),
(12, 'Hi', 'Hi', 'notice_rejection.png', 0, 8, '2021-05-06 17:13:29', '2021-05-06 17:13:29'),
(13, 'Hi', 'Hi', 'notice_rejection.png', 0, 7, '2021-05-06 17:13:29', '2021-05-06 17:13:29'),
(14, 'Hi', 'Hi', 'notice_rejection.png', 0, 6, '2021-05-06 17:13:29', '2021-05-06 17:13:29'),
(15, 'Hi', 'Hi', 'notice_rejection.png', 0, 5, '2021-05-06 17:13:29', '2021-05-06 17:13:29'),
(16, 'Hi', 'Hi', 'notice_rejection.png', 0, 4, '2021-05-06 17:13:29', '2021-05-06 17:13:29'),
(17, 'Hi', 'Hi', 'notice_rejection.png', 1, 3, '2021-05-06 17:13:29', '2021-05-06 20:07:00'),
(18, 'Hi', 'Hi', 'notice_rejection.png', 0, 2, '2021-05-06 17:13:29', '2021-05-06 17:13:29'),
(19, 'Hi', 'Hi', 'notice_rejection.png', 0, 1, '2021-05-06 17:13:29', '2021-05-06 17:13:29');

-- --------------------------------------------------------

--
-- Table structure for table `oauth_personal_access_clients`
--

CREATE TABLE `oauth_personal_access_clients` (
  `id` int(10) UNSIGNED NOT NULL,
  `client_id` int(11) NOT NULL,
  `created_at` timestamp NULL DEFAULT NULL,
  `updated_at` timestamp NULL DEFAULT NULL
) ENGINE=InnoDB DEFAULT CHARSET=utf8mb4 COLLATE=utf8mb4_unicode_ci;

-- --------------------------------------------------------

--
-- Table structure for table `pages`
--

CREATE TABLE `pages` (
  `id` int(10) UNSIGNED NOT NULL,
  `image` varchar(255) DEFAULT NULL,
  `created_at` timestamp NULL DEFAULT NULL,
  `updated_at` timestamp NULL DEFAULT NULL,
  `deleted_at` timestamp NULL DEFAULT NULL
) ENGINE=InnoDB DEFAULT CHARSET=utf8mb3 COLLATE=utf8mb3_general_ci;

--
-- Dumping data for table `pages`
--

INSERT INTO `pages` (`id`, `image`, `created_at`, `updated_at`, `deleted_at`) VALUES
(1, 'w', NULL, NULL, NULL),
(2, 'w', NULL, NULL, NULL),
(3, 'w', NULL, NULL, NULL),
(4, 'w', NULL, NULL, NULL);

-- --------------------------------------------------------

--
-- Table structure for table `pages_translations`
--

CREATE TABLE `pages_translations` (
  `id` int(10) UNSIGNED NOT NULL,
  `pages_id` int(10) UNSIGNED NOT NULL,
  `locale` varchar(191) NOT NULL,
  `title` text NOT NULL,
  `details` text NOT NULL,
  `created_at` timestamp NULL DEFAULT NULL,
  `updated_at` timestamp NULL DEFAULT NULL
) ENGINE=InnoDB DEFAULT CHARSET=utf8mb4 COLLATE=utf8mb4_unicode_ci;

--
-- Dumping data for table `pages_translations`
--

INSERT INTO `pages_translations` (`id`, `pages_id`, `locale`, `title`, `details`, `created_at`, `updated_at`) VALUES
(2, 1, 'ar', 'الشروط والاحكام', '<div>هذا النص هو مثال لنص يمكن أن يستبدل في نفس المساحة، لقد تم توليد هذا النص من مولد النص العربى، حيث يمكنك أن تولد مثل هذا النص أو العديد من النصوص الأخرى إضافة إلى زيادة عدد الحروف التى يولدها التطبيق.</div><div><br></div><div>إذا كنت تحتاج إلى عدد أكبر من الفقرات يتيح لك مولد النص العربى زيادة عدد الفقرات كما تريد، النص لن يبدو مقسما ولا يحوي أخطاء لغوية، مولد النص العربى مفيد لمصممي المواقع على وجه الخصوص، حيث يحتاج العميل فى كثير من الأحيان أن يطلع على صورة حقيقية لتصميم الموقع.</div><div><br></div><div>إذا كنت تحتاج إلى عدد أكبر من الفقرات يتيح لك مولد النص العربى زيادة عدد الفقرات كما تريد، النص لن يبدو مقسما ولا يحوي أخطاء لغوية، مولد النص العربى مفيد لمصممي المواقع على وجه الخصوص، حيث يحتاج العميل فى كثير من الأحيان</div><div><br></div><div>هذا النص هو مثال لنص يمكن أن يستبدل في نفس المساحة، لقد تم توليد هذا النص من مولد النص العربى، حيث يمكنك أن تولد مثل هذا النص أو العديد من النصوص الأخرى إضافة إلى زيادة عدد الحروف التى يولدها التطبيق.</div><div><br></div><div>إذا كنت تحتاج إلى عدد أكبر من الفقرات يتيح لك مولد النص العربى زيادة عدد الفقرات كما تريد، النص لن يبدو مقسما ولا يحوي أخطاء لغوية، مولد النص العربى مفيد لمصممي المواقع على وجه الخصوص، حيث يحتاج العميل فى كثير من الأحيان أن يطلع على صورة حقيقية لتصميم الموقع.</div>', '2020-12-25 16:39:48', '2020-12-28 14:07:28'),
(4, 2, 'ar', 'سياسة الخصوصيه', '<div>هذا النص هو مثال لنص يمكن أن يستبدل في نفس المساحة، لقد تم توليد هذا النص من مولد النص العربى، حيث يمكنك أن تولد مثل هذا النص أو العديد من النصوص الأخرى إضافة إلى زيادة عدد الحروف التى يولدها التطبيق.</div><div><br></div><div>إذا كنت تحتاج إلى عدد أكبر من الفقرات يتيح لك مولد النص العربى زيادة عدد الفقرات كما تريد، النص لن يبدو مقسما ولا يحوي أخطاء لغوية، مولد النص العربى مفيد لمصممي المواقع على وجه الخصوص، حيث يحتاج العميل فى كثير من الأحيان أن يطلع على صورة حقيقية لتصميم الموقع.</div><div><br></div><div>إذا كنت تحتاج إلى عدد أكبر من الفقرات يتيح لك مولد النص العربى زيادة عدد الفقرات كما تريد، النص لن يبدو مقسما ولا يحوي أخطاء لغوية، مولد النص العربى مفيد لمصممي المواقع على وجه الخصوص، حيث يحتاج العميل فى كثير من الأحيان</div><div><br></div><div>هذا النص هو مثال لنص يمكن أن يستبدل في نفس المساحة، لقد تم توليد هذا النص من مولد النص العربى، حيث يمكنك أن تولد مثل هذا النص أو العديد من النصوص الأخرى إضافة إلى زيادة عدد الحروف التى يولدها التطبيق.</div><div><br></div><div>إذا كنت تحتاج إلى عدد أكبر من الفقرات يتيح لك مولد النص العربى زيادة عدد الفقرات كما تريد، النص لن يبدو مقسما ولا يحوي أخطاء لغوية، مولد النص العربى مفيد لمصممي المواقع على وجه الخصوص، حيث يحتاج العميل فى كثير من الأحيان أن يطلع على صورة حقيقية لتصميم الموقع.</div>', '2020-12-25 16:39:48', '2020-12-28 14:07:28'),
(6, 3, 'ar', 'من نحن', '<div>هذا النص هو مثال لنص يمكن أن يستبدل في نفس المساحة، لقد تم توليد هذا النص من مولد النص العربى، حيث يمكنك أن تولد مثل هذا النص أو العديد من النصوص الأخرى إضافة إلى زيادة عدد الحروف التى يولدها التطبيق.</div><div><br></div><div>إذا كنت تحتاج إلى عدد أكبر من الفقرات يتيح لك مولد النص العربى زيادة عدد الفقرات كما تريد، النص لن يبدو مقسما ولا يحوي أخطاء لغوية، مولد النص العربى مفيد لمصممي المواقع على وجه الخصوص، حيث يحتاج العميل فى كثير من الأحيان أن يطلع على صورة حقيقية لتصميم الموقع.</div><div><br></div><div>إذا كنت تحتاج إلى عدد أكبر من الفقرات يتيح لك مولد النص العربى زيادة عدد الفقرات كما تريد، النص لن يبدو مقسما ولا يحوي أخطاء لغوية، مولد النص العربى مفيد لمصممي المواقع على وجه الخصوص، حيث يحتاج العميل فى كثير من الأحيان</div><div><br></div><div>هذا النص هو مثال لنص يمكن أن يستبدل في نفس المساحة، لقد تم توليد هذا النص من مولد النص العربى، حيث يمكنك أن تولد مثل هذا النص أو العديد من النصوص الأخرى إضافة إلى زيادة عدد الحروف التى يولدها التطبيق.</div><div><br></div><div>إذا كنت تحتاج إلى عدد أكبر من الفقرات يتيح لك مولد النص العربى زيادة عدد الفقرات كما تريد، النص لن يبدو مقسما ولا يحوي أخطاء لغوية، مولد النص العربى مفيد لمصممي المواقع على وجه الخصوص، حيث يحتاج العميل فى كثير من الأحيان أن يطلع على صورة حقيقية لتصميم الموقع.</div>', '2020-12-25 16:39:48', '2020-12-28 14:07:28'),
(8, 4, 'ar', 'نص ترقيه الحساب', '<div class=\"content-text\" style=\"padding: 0px; margin: 0px; border: none; outline: none; color: rgb(91, 102, 116); font-family: avenir-regular; font-size: 14px;\"><div class=\"mb-4\" style=\"padding: 0px; margin-top: 0px; margin-right: 0px; margin-left: 0px; border: none; outline: none;\"><h4 class=\"font-heavy\" style=\"padding: 0px; margin-right: 0px; margin-bottom: 0px; margin-left: 0px; border: none; outline: none; line-height: 1.5; font-size: 18px; color: rgb(70, 72, 75); font-family: avenir-heavy;\">شروط أن تصبح معلناً</h4><p style=\"padding: 0px; margin-right: 0px; margin-bottom: 0px; margin-left: 0px; border: none; outline: none; color: rgb(70, 72, 75);\">هذا النص هو هذا النص هو مثال لنص يمكن أن يستبدل في نفس المساحة، لقد تم توليد هذا النص من مولد النص العربى، حيث يمكنك أن تولد مثل هذا النص أو العديد من النصوص الأخرى إضافة إلى زيادة عدد الحروف التى يولدها التطبيق.</p></div><div class=\"mb-4\" style=\"padding: 0px; margin-top: 0px; margin-right: 0px; margin-left: 0px; border: none; outline: none;\"><h4 class=\"font-heavy\" style=\"padding: 0px; margin-right: 0px; margin-bottom: 0px; margin-left: 0px; border: none; outline: none; line-height: 1.5; font-size: 18px; color: rgb(70, 72, 75); font-family: avenir-heavy;\">فكرة الاعلانات</h4><p style=\"padding: 0px; margin-right: 0px; margin-bottom: 0px; margin-left: 0px; border: none; outline: none; color: rgb(70, 72, 75);\">هذا النص هو هذا النص هو مثال لنص يمكن أن يستبدل في نفس المساحة، لقد تم توليد هذا النص من مولد النص العربى، حيث يمكنك أن تولد مثل هذا النص أو العديد من النصوص الأخرى إضافة إلى زيادة عدد الحروف التى يولدها التطبيق.</p></div><div class=\"mb-4\" style=\"padding: 0px; margin-top: 0px; margin-right: 0px; margin-left: 0px; border: none; outline: none;\"><h4 class=\"font-heavy\" style=\"padding: 0px; margin-right: 0px; margin-bottom: 0px; margin-left: 0px; border: none; outline: none; line-height: 1.5; font-size: 18px; color: rgb(70, 72, 75); font-family: avenir-heavy;\">الميزانية</h4><p style=\"padding: 0px; margin-right: 0px; margin-bottom: 0px; margin-left: 0px; border: none; outline: none; color: rgb(70, 72, 75);\">هذا النص هو هذا النص هو مثال لنص يمكن أن يستبدل في نفس المساحة، لقد تم توليد هذا النص من مولد النص العربى، حيث يمكنك أن تولد مثل هذا النص أو العديد من النصوص الأخرى إضافة إلى زيادة عدد الحروف التى يولدها التطبيق.</p></div><div class=\"mb-4\" style=\"padding: 0px; margin-top: 0px; margin-right: 0px; margin-left: 0px; border: none; outline: none;\"><h4 class=\"font-heavy\" style=\"padding: 0px; margin-right: 0px; margin-bottom: 0px; margin-left: 0px; border: none; outline: none; line-height: 1.5; font-size: 18px; color: rgb(70, 72, 75); font-family: avenir-heavy;\">الميزانية</h4><p style=\"padding: 0px; margin-right: 0px; margin-bottom: 0px; margin-left: 0px; border: none; outline: none; color: rgb(70, 72, 75);\">هذا النص هو هذا النص هو مثال لنص يمكن أن يستبدل في نفس المساحة، لقد تم توليد هذا النص من مولد النص العربى، حيث يمكنك أن تولد مثل هذا النص أو العديد من النصوص الأخرى إضافة إلى زيادة عدد الحروف التى يولدها التطبيق.</p></div></div><div class=\"text-center mt-5\" style=\"padding: 0px; margin-right: 0px; margin-bottom: 0px; margin-left: 0px; border: none; outline: none; color: rgb(91, 102, 116); font-family: avenir-regular; font-size: 14px;\"><h5 class=\"mb-2 text-dark\" style=\"padding: 0px; margin-right: 0px; margin-left: 0px; border: none; outline: none; line-height: 1.5; font-size: 16px;\">هل توافق على جميع الشروط والأحكام الخاصة بحساب معلن</h5></div>', '2020-12-25 16:39:48', '2021-04-02 14:39:47');

-- --------------------------------------------------------

--
-- Table structure for table `permissions`
--

CREATE TABLE `permissions` (
  `id` int(10) UNSIGNED NOT NULL,
  `name` varchar(191) NOT NULL,
  `display_name` varchar(191) DEFAULT NULL,
  `description` varchar(191) DEFAULT NULL,
  `created_at` timestamp NULL DEFAULT NULL,
  `updated_at` timestamp NULL DEFAULT NULL
) ENGINE=InnoDB DEFAULT CHARSET=utf8mb4 COLLATE=utf8mb4_unicode_ci;

--
-- Dumping data for table `permissions`
--

INSERT INTO `permissions` (`id`, `name`, `display_name`, `description`, `created_at`, `updated_at`) VALUES
(51, 'show_pages', NULL, NULL, '2019-10-26 03:24:07', '2019-10-26 03:24:07'),
(52, 'add_pages', NULL, NULL, '2019-10-26 03:24:07', '2019-10-26 03:24:07'),
(53, 'show_slider', NULL, NULL, '2019-10-26 03:24:07', '2019-10-26 03:24:07'),
(54, 'edit_slider', NULL, NULL, '2019-10-26 03:24:07', '2019-10-26 03:24:07'),
(55, 'show_trans', NULL, NULL, '2019-10-26 03:24:07', '2019-10-26 03:24:07'),
(56, 'edit_trans', NULL, NULL, '2019-10-26 03:24:07', '2019-10-26 03:24:07'),
(57, 'show_admins', NULL, NULL, '2019-10-26 03:24:07', '2019-10-26 03:24:07'),
(58, 'edit_admins', NULL, NULL, '2019-10-26 03:24:07', '2019-10-26 03:24:07'),
(59, 'show_feature', NULL, NULL, '2019-10-26 03:24:07', '2019-10-26 03:24:07'),
(60, 'edit_feature', NULL, NULL, '2019-10-26 03:24:07', '2019-10-26 03:24:07'),
(61, 'show_projects', NULL, NULL, '2019-10-26 03:24:07', '2019-10-26 03:24:07'),
(62, 'edit_projects', NULL, NULL, '2019-10-26 03:24:07', '2019-10-26 03:24:07'),
(63, 'show_blog', NULL, NULL, '2019-10-26 03:24:07', '2019-10-26 03:24:07'),
(64, 'edit_blog', NULL, NULL, '2019-10-26 03:24:07', '2019-10-26 03:24:07'),
(65, 'show_statistic', NULL, NULL, '2019-10-26 03:24:07', '2019-10-26 03:24:07'),
(66, 'edit_statistic', NULL, NULL, '2019-10-26 03:24:07', '2019-10-26 03:24:07'),
(67, 'show_album', NULL, NULL, '2019-10-26 03:24:07', '2019-10-26 03:24:07'),
(68, 'edit_album', NULL, NULL, '2019-10-26 03:24:07', '2019-10-26 03:24:07'),
(69, 'show_order', NULL, NULL, '2019-10-26 03:28:39', '2019-10-26 03:28:39'),
(70, 'edit_order', NULL, NULL, '2019-10-26 03:28:39', '2019-10-26 03:28:39'),
(71, 'show_role', NULL, NULL, '2019-10-26 03:28:39', '2019-10-26 03:28:39'),
(72, 'edit_role', NULL, NULL, '2019-10-26 03:28:39', '2019-10-26 03:28:39'),
(73, 'show_said', NULL, NULL, '2019-10-26 03:28:39', '2019-10-26 03:28:39'),
(74, 'edit_said', NULL, NULL, '2019-10-26 03:28:39', '2019-10-26 03:28:39'),
(75, 'show_inbox', NULL, NULL, '2019-10-26 03:28:39', '2019-10-26 03:28:39'),
(76, 'edit_inbox', NULL, NULL, '2019-10-26 03:28:39', '2019-10-26 03:28:39'),
(77, 'show_branch', NULL, NULL, '2019-10-26 03:28:39', '2019-10-26 03:28:39'),
(78, 'edit_branch', NULL, NULL, '2019-10-26 03:28:39', '2019-10-26 03:28:39'),
(79, 'show_category', NULL, NULL, '2019-10-26 03:28:39', '2019-10-26 03:28:39'),
(80, 'edit_category', NULL, NULL, '2019-10-26 03:28:39', '2019-10-26 03:28:39'),
(81, 'edit_settings', NULL, NULL, '2019-10-26 03:28:39', '2019-10-26 03:28:39'),
(82, 'show_users', NULL, NULL, '2020-02-26 08:18:30', '2020-02-26 08:18:30'),
(83, 'show_user_deposits', NULL, NULL, '2020-02-26 08:18:30', '2020-02-26 08:18:30'),
(84, 'show_user_withdrawals', NULL, NULL, '2020-02-26 08:18:30', '2020-02-26 08:18:30'),
(85, 'financial_requests', NULL, NULL, '2020-02-26 08:18:30', '2020-02-26 08:18:30'),
(86, 'show_services', NULL, NULL, '2020-02-26 08:18:30', '2020-02-26 08:18:30'),
(87, 'edit_services', NULL, NULL, '2020-02-26 08:18:30', '2020-02-26 08:18:30'),
(88, 'show_orders', NULL, NULL, '2020-02-26 08:18:30', '2020-02-26 08:18:30'),
(89, 'edit_orders', NULL, NULL, '2020-02-26 08:18:30', '2020-02-26 08:18:30'),
(90, 'show_services_requests', NULL, NULL, '2020-02-26 08:18:30', '2020-02-26 08:18:30'),
(91, 'show_deposit_log', NULL, NULL, '2020-02-26 08:18:30', '2020-02-26 08:18:30'),
(92, 'show_withdrawal_log', NULL, NULL, '2020-02-26 08:18:30', '2020-02-26 08:18:30'),
(93, 'show_profits_log', NULL, NULL, '2020-02-26 08:18:30', '2020-02-26 08:18:30'),
(94, 'show_expenses_log', NULL, NULL, '2020-02-26 08:18:30', '2020-02-26 08:18:30'),
(95, 'show_chats', NULL, NULL, '2020-02-26 08:18:30', '2020-02-26 08:18:30'),
(96, 'show_services_problem', NULL, NULL, '2020-02-26 08:18:30', '2020-02-26 08:18:30'),
(97, 'show_settings', NULL, NULL, '2020-02-26 08:18:30', '2020-02-26 08:18:30'),
(98, 'show_faqs', NULL, NULL, '2020-02-26 08:18:30', '2020-02-26 08:18:30'),
(99, 'show_countries', NULL, NULL, '2020-02-26 08:18:30', '2020-02-26 08:18:30'),
(100, 'show_categories', NULL, NULL, '2020-02-26 08:18:30', '2020-02-26 08:18:30'),
(101, 'show_skills', NULL, NULL, '2020-02-26 08:18:30', '2020-02-26 08:18:30'),
(102, 'show_roles', NULL, NULL, '2020-02-26 08:18:30', '2020-02-26 08:18:30'),
(103, 'show_sliders', NULL, NULL, '2020-06-04 04:43:35', '2020-06-04 04:43:35'),
(104, 'show_features', NULL, NULL, '2020-06-04 04:43:35', '2020-06-04 04:43:35'),
(105, 'show_questions', NULL, NULL, '2020-06-04 04:43:35', '2020-06-04 04:43:35'),
(106, 'show_lastSites', NULL, NULL, '2020-06-04 04:43:35', '2020-06-04 04:43:35'),
(107, 'show_customerOpinions', NULL, NULL, '2020-06-04 04:43:36', '2020-06-04 04:43:36'),
(108, 'show_partners', NULL, NULL, '2020-06-04 04:43:36', '2020-06-04 04:43:36'),
(109, 'show_siteCategory', NULL, NULL, '2020-06-04 04:43:36', '2020-06-04 04:43:36'),
(110, 'show_categoriesTemplates', NULL, NULL, '2020-06-04 04:43:36', '2020-06-04 04:43:36'),
(111, 'show_templates', NULL, NULL, '2020-06-04 04:43:36', '2020-06-04 04:43:36'),
(112, 'show_siteRate', NULL, NULL, '2020-06-04 04:53:38', '2020-06-04 04:53:38'),
(113, 'show_extensions', NULL, NULL, '2020-06-04 05:12:59', '2020-06-04 05:12:59'),
(114, 'show_webSiteExtension', NULL, NULL, '2020-06-04 05:12:59', '2020-06-04 05:12:59'),
(115, 'show_packages', NULL, NULL, '2020-06-04 05:12:59', '2020-06-04 05:12:59'),
(116, 'show_usersPackage', NULL, NULL, '2020-06-04 05:12:59', '2020-06-04 05:12:59'),
(117, 'show_tickets', NULL, NULL, '2020-06-04 05:30:34', '2020-06-04 05:30:34'),
(118, 'show_websites', NULL, NULL, '2020-06-04 05:30:34', '2020-06-04 05:30:34'),
(119, 'show_fonts', NULL, NULL, '2020-06-04 05:35:24', '2020-06-04 05:35:24'),
(120, 'show_colors', NULL, NULL, '2020-06-04 05:35:24', '2020-06-04 05:35:24'),
(121, 'show_workSteps', NULL, NULL, '2020-06-07 09:22:56', '2020-06-07 09:22:56'),
(122, 'show_celebrityCategory', NULL, NULL, '2020-06-07 09:22:56', '2020-06-07 09:22:56'),
(123, 'show_celebrity', NULL, NULL, '2020-06-07 09:46:25', '2020-06-07 09:46:25'),
(124, 'show_ourExpertise', NULL, NULL, '2020-06-15 07:42:59', '2020-06-15 07:42:59'),
(125, 'show_categoriesRequests', NULL, NULL, '2020-06-15 07:42:59', '2020-06-15 07:42:59'),
(126, 'show_subscriptionsCelebrity', NULL, NULL, '2020-06-15 07:42:59', '2020-06-15 07:42:59'),
(127, 'show_promotionalAdvertisingRequests', NULL, NULL, '2020-06-15 07:47:12', '2020-06-15 07:47:12'),
(128, 'show_marketingCampaignsRequest', NULL, NULL, '2020-06-15 07:47:12', '2020-06-15 07:47:12'),
(129, 'show_videoDesignRequest', NULL, NULL, '2020-06-15 07:47:12', '2020-06-15 07:47:12'),
(130, 'show_constants', NULL, NULL, '2020-06-15 07:50:10', '2020-06-15 07:50:10'),
(131, 'show_statisticsServices', NULL, NULL, '2020-06-16 09:24:06', '2020-06-16 09:24:06'),
(132, 'show_departments_blog', NULL, NULL, '2020-06-23 06:40:32', '2020-06-23 06:40:32'),
(133, 'show_blogAdvertising', NULL, NULL, '2020-06-23 06:40:32', '2020-06-23 06:40:32'),
(134, 'show_celebrityTitlePage', NULL, NULL, '2020-06-23 06:44:21', '2020-06-23 06:44:21'),
(135, 'show_quickLinks', NULL, NULL, '2020-07-06 05:57:32', '2020-07-06 05:57:32'),
(136, 'show_home_page', NULL, NULL, '2020-08-17 16:14:31', '2020-08-17 16:14:31'),
(137, 'show_about', NULL, NULL, '2020-08-17 16:14:31', '2020-08-17 16:14:31'),
(138, 'show_team', NULL, NULL, '2020-08-17 16:14:31', '2020-08-17 16:14:31'),
(139, 'show_statistics', NULL, NULL, '2020-08-17 16:14:31', '2020-08-17 16:14:31'),
(140, 'show_textPages', NULL, NULL, '2020-08-17 16:14:31', '2020-08-17 16:14:31'),
(141, 'show_background', NULL, NULL, '2020-08-17 16:14:31', '2020-08-17 16:14:31'),
(142, 'show_laws', NULL, NULL, '2020-08-17 16:36:11', '2020-08-17 16:36:11'),
(143, 'show_service_requests', NULL, NULL, '2020-12-04 10:03:50', '2020-12-04 10:03:50'),
(144, 'show_header', NULL, NULL, '2020-12-25 13:56:48', '2020-12-25 13:56:48'),
(145, 'show_aboutIdea', NULL, NULL, '2020-12-25 13:56:48', '2020-12-25 13:56:48'),
(146, 'show_videoSection', NULL, NULL, '2020-12-25 13:56:48', '2020-12-25 13:56:48'),
(147, 'show_ourGoals', NULL, NULL, '2020-12-25 13:56:48', '2020-12-25 13:56:48'),
(148, 'show_courses', NULL, NULL, '2020-12-28 12:52:53', '2020-12-28 12:52:53'),
(149, 'show_practicalApp', NULL, NULL, '2020-12-28 12:52:53', '2020-12-28 12:52:53'),
(150, 'show_events', NULL, NULL, '2020-12-28 12:52:53', '2020-12-28 12:52:53'),
(151, 'show_banks', NULL, NULL, '2021-02-02 18:11:50', '2021-02-02 18:11:50'),
(152, 'show_employee_department', NULL, NULL, '2021-02-02 18:11:50', '2021-02-02 18:11:50'),
(153, 'show_my_banks', NULL, NULL, '2021-02-08 13:23:02', '2021-02-08 13:23:02'),
(154, 'show_funding_requests', NULL, NULL, '2021-02-09 12:24:04', '2021-02-09 12:24:04'),
(155, 'show_logs_file', NULL, NULL, '2021-02-14 13:50:09', '2021-02-14 13:50:09'),
(156, 'show_funding_requests_for_myBanks', NULL, NULL, '2021-02-14 14:00:49', '2021-02-14 14:00:49'),
(157, 'show_my_log_file', NULL, NULL, '2021-02-16 12:29:41', '2021-02-16 12:29:41'),
(158, 'show_offers', NULL, NULL, '2021-02-21 17:38:32', '2021-02-21 17:38:32'),
(159, 'show_bankTransfer', NULL, NULL, '2021-04-04 16:51:53', '2021-04-04 16:51:53'),
(160, 'show_transaction', NULL, NULL, '2021-04-04 16:51:53', '2021-04-04 16:51:53'),
(161, 'show_ads', NULL, NULL, '2021-04-08 09:03:11', '2021-04-08 09:03:11'),
(162, 'show_gifts', NULL, NULL, '2021-04-08 09:03:11', '2021-04-08 09:03:11'),
(163, 'show_giftsRequests', NULL, NULL, '2021-04-08 09:03:11', '2021-04-08 09:03:11'),
(164, 'show_user_messages', NULL, NULL, '2021-04-08 09:03:11', '2021-04-08 09:03:11'),
(165, 'show_advertising_representative', NULL, NULL, '2021-04-12 15:41:40', '2021-04-12 15:41:40'),
(166, 'show_notifications', NULL, NULL, '2021-05-05 21:43:45', '2021-05-05 21:43:45');

-- --------------------------------------------------------

--
-- Table structure for table `permission_role`
--

CREATE TABLE `permission_role` (
  `permission_id` int(10) UNSIGNED NOT NULL,
  `role_id` int(10) UNSIGNED NOT NULL
) ENGINE=InnoDB DEFAULT CHARSET=utf8mb4 COLLATE=utf8mb4_unicode_ci;

--
-- Dumping data for table `permission_role`
--

INSERT INTO `permission_role` (`permission_id`, `role_id`) VALUES
(51, 4),
(51, 5),
(51, 6),
(57, 4),
(57, 5),
(57, 7),
(63, 5),
(82, 5),
(97, 4),
(97, 5),
(97, 6),
(98, 5),
(102, 4),
(102, 5),
(102, 6),
(117, 5),
(130, 5),
(151, 4),
(152, 4),
(153, 7),
(153, 9),
(154, 4),
(154, 7),
(154, 8),
(155, 7),
(156, 8),
(157, 7),
(159, 5),
(160, 5),
(161, 5),
(162, 5),
(163, 5),
(164, 5),
(165, 5),
(166, 5);

-- --------------------------------------------------------

--
-- Table structure for table `post_comments`
--

CREATE TABLE `post_comments` (
  `id` int(10) UNSIGNED NOT NULL,
  `blog_id` int(10) UNSIGNED NOT NULL,
  `user_id` int(10) UNSIGNED NOT NULL,
  `text` text NOT NULL,
  `created_at` timestamp NULL DEFAULT NULL,
  `updated_at` timestamp NULL DEFAULT NULL,
  `deleted_at` timestamp NULL DEFAULT NULL
) ENGINE=InnoDB DEFAULT CHARSET=utf8mb4 COLLATE=utf8mb4_unicode_ci;

--
-- Dumping data for table `post_comments`
--

INSERT INTO `post_comments` (`id`, `blog_id`, `user_id`, `text`, `created_at`, `updated_at`, `deleted_at`) VALUES
(2, 3, 1, 'هذا النص هو هذا النص هو مثال لنص يمكن أن يستبدل في نفس المساحة، لقد تم توليد هذا النص من مولد النص العربى، حيث يمكنك أن', '2021-03-21 17:49:34', NULL, NULL),
(3, 4, 1, 'هذا النص هو هذا النص هو مثال لنص يمكن أن يستبدل في نفس المساحة، لقد تم توليد هذا النص من مولد النص العربى، حيث يمكنك أن', '2021-03-21 17:49:34', NULL, NULL),
(4, 3, 2, 'هذا النص هو هذا النص هو مثال لنص يمكن أن يستبدل في نفس المساحة، لقد تم توليد هذا النص من مولد النص العربى، حيث يمكنك أن', '2021-04-02 13:48:01', '2021-04-02 13:48:01', NULL),
(5, 3, 2, 'هذا النص هو هذا النص هو مثال لنص يمكن أن يستبدل في نفس المساحة، لقد تم توليد هذا النص من مولد النص العربى، حيث يمكنك أن', '2021-04-02 13:49:09', '2021-04-02 13:49:09', NULL),
(6, 5, 2, '1', '2021-04-30 16:40:17', '2021-04-30 16:40:17', NULL),
(7, 5, 2, '1', '2021-04-30 16:40:20', '2021-04-30 16:40:20', NULL),
(8, 5, 2, '1', '2021-04-30 16:40:22', '2021-04-30 16:40:22', NULL),
(9, 5, 2, '1', '2021-04-30 16:40:26', '2021-04-30 16:40:26', NULL),
(10, 5, 2, '1', '2021-04-30 16:40:27', '2021-04-30 16:40:27', NULL),
(11, 5, 2, '2', '2021-04-30 16:40:30', '2021-04-30 16:40:30', NULL),
(12, 5, 2, '3', '2021-04-30 16:40:33', '2021-04-30 16:40:33', NULL),
(13, 5, 2, '32', '2021-04-30 16:40:50', '2021-04-30 16:40:50', NULL);

-- --------------------------------------------------------

--
-- Table structure for table `quantities_gifts`
--

CREATE TABLE `quantities_gifts` (
  `id` int(10) UNSIGNED NOT NULL,
  `gift_id` int(10) UNSIGNED NOT NULL,
  `quantity` double DEFAULT NULL,
  `status` tinyint(4) NOT NULL DEFAULT 1 COMMENT '1 =>add,0 =>subtract',
  `created_at` timestamp NULL DEFAULT NULL,
  `updated_at` timestamp NULL DEFAULT NULL
) ENGINE=InnoDB DEFAULT CHARSET=utf8mb3 COLLATE=utf8mb3_general_ci;

--
-- Dumping data for table `quantities_gifts`
--

INSERT INTO `quantities_gifts` (`id`, `gift_id`, `quantity`, `status`, `created_at`, `updated_at`) VALUES
(1, 1, 10, 1, '2021-05-05 20:25:14', '2021-05-05 20:25:14'),
(2, 1, 1, 0, '2021-05-05 22:05:38', '2021-05-05 22:05:38'),
(3, 2, 1, 0, '2021-05-05 22:08:03', '2021-05-05 22:08:03');

-- --------------------------------------------------------

--
-- Table structure for table `reply_messages`
--

CREATE TABLE `reply_messages` (
  `id` int(10) UNSIGNED NOT NULL,
  `content` text NOT NULL,
  `user_id` int(10) UNSIGNED NOT NULL,
  `user_model` varchar(191) NOT NULL,
  `msg_id` int(10) UNSIGNED NOT NULL,
  `is_readed` tinyint(4) NOT NULL DEFAULT 0 COMMENT '1 =>yse, 0 => no',
  `created_at` timestamp NULL DEFAULT NULL,
  `updated_at` timestamp NULL DEFAULT NULL,
  `deleted_at` timestamp NULL DEFAULT NULL
) ENGINE=InnoDB DEFAULT CHARSET=utf8mb3 COLLATE=utf8mb3_general_ci;

--
-- Dumping data for table `reply_messages`
--

INSERT INTO `reply_messages` (`id`, `content`, `user_id`, `user_model`, `msg_id`, `is_readed`, `created_at`, `updated_at`, `deleted_at`) VALUES
(1, 'مرحبا', 1, 'App\\Users', 1, 1, '2021-03-28 17:40:55', '2021-04-09 15:25:09', NULL),
(2, 'اهلا بك', 2, 'App\\User', 1, 0, '2021-04-09 15:44:09', '2021-04-09 15:44:09', NULL),
(3, 'السلام عليكم', 4, 'App\\User', 2, 1, '2021-04-09 15:53:38', '2021-04-09 15:54:38', NULL),
(4, 'لدى استفسار', 4, 'App\\User', 2, 1, '2021-04-09 15:54:03', '2021-04-09 15:54:38', NULL),
(5, 'تفضل ما هو', 2, 'App\\User', 2, 1, '2021-04-09 15:55:54', '2021-04-09 15:58:34', NULL),
(6, 'ما هو  هديه اعلانك', 4, 'App\\User', 2, 1, '2021-04-09 15:56:13', '2021-04-09 15:57:42', NULL),
(7, 'هديتى هيه كوبون خصم', 2, 'App\\User', 2, 1, '2021-04-09 15:59:17', '2021-04-09 15:59:32', NULL),
(8, 'من اشهر المطاعم', 2, 'App\\User', 2, 1, '2021-04-09 16:00:06', '2021-04-09 16:00:07', NULL);

-- --------------------------------------------------------

--
-- Table structure for table `roles`
--

CREATE TABLE `roles` (
  `id` int(10) UNSIGNED NOT NULL,
  `name` varchar(191) NOT NULL,
  `display_name` varchar(191) DEFAULT NULL,
  `description` varchar(191) DEFAULT NULL,
  `created_at` timestamp NULL DEFAULT NULL,
  `updated_at` timestamp NULL DEFAULT NULL
) ENGINE=InnoDB DEFAULT CHARSET=utf8mb4 COLLATE=utf8mb4_unicode_ci;

--
-- Dumping data for table `roles`
--

INSERT INTO `roles` (`id`, `name`, `display_name`, `description`, `created_at`, `updated_at`) VALUES
(4, 'المدير العام', NULL, 'كافة الصلاحيات', '2019-10-26 03:24:07', '2019-10-26 03:24:07'),
(5, 'سوبر آدمن', NULL, 'كافة الصلاحيات', '2020-02-26 08:18:29', '2020-02-26 08:18:29'),
(6, 'مشرف', NULL, 'مشرف', '2020-02-27 08:30:58', '2020-02-27 08:30:58');

-- --------------------------------------------------------

--
-- Table structure for table `role_has_permissions`
--

CREATE TABLE `role_has_permissions` (
  `permission_id` bigint(20) UNSIGNED NOT NULL,
  `role_id` bigint(20) UNSIGNED NOT NULL
) ENGINE=InnoDB DEFAULT CHARSET=utf8mb4 COLLATE=utf8mb4_unicode_ci;

-- --------------------------------------------------------

--
-- Table structure for table `role_user`
--

CREATE TABLE `role_user` (
  `user_id` int(10) UNSIGNED NOT NULL,
  `role_id` int(10) UNSIGNED NOT NULL
) ENGINE=InnoDB DEFAULT CHARSET=utf8mb4 COLLATE=utf8mb4_unicode_ci;

--
-- Dumping data for table `role_user`
--

INSERT INTO `role_user` (`user_id`, `role_id`) VALUES
(1, 5),
(5, 5),
(6, 6),
(7, 4),
(8, 7),
(9, 7),
(10, 8),
(11, 9),
(13, 9),
(14, 9),
(15, 8),
(16, 7),
(17, 7);

-- --------------------------------------------------------

--
-- Table structure for table `social_accounts`
--

CREATE TABLE `social_accounts` (
  `user_id` int(11) NOT NULL,
  `provider_user_id` varchar(191) NOT NULL,
  `provider` varchar(191) NOT NULL,
  `created_at` timestamp NULL DEFAULT NULL,
  `updated_at` timestamp NULL DEFAULT NULL
) ENGINE=InnoDB DEFAULT CHARSET=utf8mb4 COLLATE=utf8mb4_unicode_ci;

-- --------------------------------------------------------

--
-- Table structure for table `statuses`
--

CREATE TABLE `statuses` (
  `id` int(10) UNSIGNED NOT NULL,
  `name` varchar(191) NOT NULL,
  `created_at` timestamp NULL DEFAULT NULL,
  `updated_at` timestamp NULL DEFAULT NULL
) ENGINE=InnoDB DEFAULT CHARSET=utf8mb4 COLLATE=utf8mb4_unicode_ci;

--
-- Dumping data for table `statuses`
--

INSERT INTO `statuses` (`id`, `name`, `created_at`, `updated_at`) VALUES
(1, 'فعال', '2019-03-17 07:40:32', NULL),
(2, 'محظور', '2019-03-17 07:40:48', NULL),
(3, 'بإنتظار القبول', '2019-03-17 07:41:01', NULL),
(4, 'مقبول', '2019-11-19 12:16:02', NULL),
(5, 'موقوف', '2019-11-27 07:00:00', NULL);

-- --------------------------------------------------------

--
-- Table structure for table `target_audience_aadvertisements`
--

CREATE TABLE `target_audience_aadvertisements` (
  `id` int(10) UNSIGNED NOT NULL,
  `ads_id` int(10) UNSIGNED NOT NULL,
  `value` int(10) UNSIGNED NOT NULL,
  `type` varchar(191) NOT NULL,
  `created_at` timestamp NULL DEFAULT NULL,
  `updated_at` timestamp NULL DEFAULT NULL
) ENGINE=InnoDB DEFAULT CHARSET=utf8mb4 COLLATE=utf8mb4_unicode_ci;

--
-- Dumping data for table `target_audience_aadvertisements`
--

INSERT INTO `target_audience_aadvertisements` (`id`, `ads_id`, `value`, `type`, `created_at`, `updated_at`) VALUES
(92, 9, 1, 'gender', '2021-04-15 20:33:30', '2021-04-15 20:33:30'),
(93, 9, 2, 'gender', '2021-04-15 20:33:30', '2021-04-15 20:33:30'),
(94, 9, 1, 'interest', '2021-04-15 20:33:30', '2021-04-15 20:33:30'),
(95, 9, 1, 'country', '2021-04-15 20:33:30', '2021-04-15 20:33:30'),
(96, 9, 2, 'country', '2021-04-15 20:33:30', '2021-04-15 20:33:30'),
(98, 8, 1, 'gender', '2021-04-15 20:33:51', '2021-04-15 20:33:51'),
(99, 8, 1, 'interest', '2021-04-15 20:33:51', '2021-04-15 20:33:51'),
(100, 8, 2, 'interest', '2021-04-15 20:33:51', '2021-04-15 20:33:51'),
(101, 8, 1, 'country', '2021-04-15 20:33:51', '2021-04-15 20:33:51'),
(104, 7, 1, 'gender', '2021-04-15 20:34:18', '2021-04-15 20:34:18'),
(105, 7, 2, 'gender', '2021-04-15 20:34:18', '2021-04-15 20:34:18'),
(106, 7, 1, 'interest', '2021-04-15 20:34:18', '2021-04-15 20:34:18'),
(107, 7, 2, 'interest', '2021-04-15 20:34:18', '2021-04-15 20:34:18'),
(108, 7, 1, 'country', '2021-04-15 20:34:18', '2021-04-15 20:34:18'),
(109, 7, 2, 'country', '2021-04-15 20:34:18', '2021-04-15 20:34:18'),
(112, 6, 1, 'gender', '2021-04-15 20:34:32', '2021-04-15 20:34:32'),
(113, 6, 2, 'gender', '2021-04-15 20:34:32', '2021-04-15 20:34:32'),
(114, 6, 1, 'interest', '2021-04-15 20:34:32', '2021-04-15 20:34:32'),
(115, 6, 2, 'interest', '2021-04-15 20:34:32', '2021-04-15 20:34:32'),
(116, 6, 1, 'country', '2021-04-15 20:34:32', '2021-04-15 20:34:32'),
(117, 6, 2, 'country', '2021-04-15 20:34:32', '2021-04-15 20:34:32'),
(120, 5, 1, 'gender', '2021-04-15 20:34:46', '2021-04-15 20:34:46'),
(121, 5, 2, 'gender', '2021-04-15 20:34:46', '2021-04-15 20:34:46'),
(122, 5, 1, 'interest', '2021-04-15 20:34:46', '2021-04-15 20:34:46'),
(123, 5, 2, 'interest', '2021-04-15 20:34:46', '2021-04-15 20:34:46'),
(124, 5, 1, 'country', '2021-04-15 20:34:46', '2021-04-15 20:34:46'),
(125, 5, 2, 'country', '2021-04-15 20:34:46', '2021-04-15 20:34:46'),
(128, 4, 1, 'gender', '2021-04-15 20:35:01', '2021-04-15 20:35:01'),
(129, 4, 2, 'gender', '2021-04-15 20:35:01', '2021-04-15 20:35:01'),
(130, 4, 1, 'interest', '2021-04-15 20:35:01', '2021-04-15 20:35:01'),
(131, 4, 2, 'interest', '2021-04-15 20:35:01', '2021-04-15 20:35:01'),
(132, 4, 1, 'country', '2021-04-15 20:35:01', '2021-04-15 20:35:01'),
(133, 4, 2, 'country', '2021-04-15 20:35:01', '2021-04-15 20:35:01'),
(136, 3, 1, 'gender', '2021-04-15 20:35:13', '2021-04-15 20:35:13'),
(137, 3, 2, 'gender', '2021-04-15 20:35:13', '2021-04-15 20:35:13'),
(138, 3, 1, 'interest', '2021-04-15 20:35:13', '2021-04-15 20:35:13'),
(139, 3, 2, 'interest', '2021-04-15 20:35:13', '2021-04-15 20:35:13'),
(140, 3, 1, 'country', '2021-04-15 20:35:13', '2021-04-15 20:35:13'),
(141, 3, 2, 'country', '2021-04-15 20:35:13', '2021-04-15 20:35:13'),
(144, 2, 1, 'gender', '2021-04-15 20:35:31', '2021-04-15 20:35:31'),
(145, 2, 2, 'gender', '2021-04-15 20:35:31', '2021-04-15 20:35:31'),
(146, 2, 1, 'interest', '2021-04-15 20:35:31', '2021-04-15 20:35:31'),
(147, 2, 1, 'country', '2021-04-15 20:35:31', '2021-04-15 20:35:31'),
(148, 2, 2, 'country', '2021-04-15 20:35:31', '2021-04-15 20:35:31'),
(174, 13, 1, 'gender', '2021-04-30 15:11:49', '2021-04-30 15:11:49'),
(175, 13, 1, 'interest', '2021-04-30 15:11:49', '2021-04-30 15:11:49'),
(176, 13, 1, 'country', '2021-04-30 15:11:49', '2021-04-30 15:11:49'),
(179, 12, 1, 'gender', '2021-06-13 14:27:20', '2021-06-13 14:27:20'),
(180, 12, 2, 'gender', '2021-06-13 14:27:20', '2021-06-13 14:27:20'),
(181, 12, 1, 'interest', '2021-06-13 14:27:20', '2021-06-13 14:27:20'),
(182, 12, 2, 'interest', '2021-06-13 14:27:20', '2021-06-13 14:27:20'),
(183, 12, 1, 'country', '2021-06-13 14:27:20', '2021-06-13 14:27:20'),
(184, 12, 2, 'country', '2021-06-13 14:27:20', '2021-06-13 14:27:20');

-- --------------------------------------------------------

--
-- Table structure for table `tickets`
--

CREATE TABLE `tickets` (
  `id` int(10) UNSIGNED NOT NULL,
  `title` varchar(191) NOT NULL,
  `ticket_type_id` int(11) NOT NULL,
  `user_id` int(11) NOT NULL,
  `text` text NOT NULL,
  `status_id` int(11) NOT NULL,
  `read_at` timestamp NULL DEFAULT NULL,
  `created_at` timestamp NULL DEFAULT NULL,
  `updated_at` timestamp NULL DEFAULT NULL
) ENGINE=InnoDB DEFAULT CHARSET=utf8mb4 COLLATE=utf8mb4_unicode_ci;

--
-- Dumping data for table `tickets`
--

INSERT INTO `tickets` (`id`, `title`, `ticket_type_id`, `user_id`, `text`, `status_id`, `read_at`, `created_at`, `updated_at`) VALUES
(1, 'مشكلة', 1, 2, 'هنالك مشكلة', 1, '2021-04-15 18:10:07', '2021-03-22 16:47:40', '2021-04-15 18:10:07'),
(2, 'مشكلة', 2, 2, 'هنالك مشكلة', 2, '2021-03-26 16:13:33', '2021-03-22 16:47:40', '2021-03-26 16:13:33'),
(3, 'مشكلة', 3, 2, 'هنالك مشكلة', 3, '2021-03-26 16:13:33', '2021-03-22 16:47:40', '2021-03-26 16:13:33'),
(5, 'مشكلة في طلب الخدمة', 2, 2, 'نص نص نص', 2, '2021-04-15 18:47:10', '2021-04-15 18:05:11', '2021-04-15 18:47:10');

-- --------------------------------------------------------

--
-- Table structure for table `ticket_attachments`
--

CREATE TABLE `ticket_attachments` (
  `id` int(10) UNSIGNED NOT NULL,
  `ticket_id` int(10) UNSIGNED NOT NULL,
  `attachment` varchar(191) NOT NULL,
  `created_at` timestamp NULL DEFAULT NULL,
  `updated_at` timestamp NULL DEFAULT NULL
) ENGINE=InnoDB DEFAULT CHARSET=utf8mb4 COLLATE=utf8mb4_unicode_ci;

--
-- Dumping data for table `ticket_attachments`
--

INSERT INTO `ticket_attachments` (`id`, `ticket_id`, `attachment`, `created_at`, `updated_at`) VALUES
(2, 5, 'file_16185167741639398086.txt', '2021-04-15 18:05:11', '2021-04-15 18:05:11'),
(3, 5, 'file_16185171091683905820.txt', '2021-04-15 18:05:11', '2021-04-15 18:05:11');

-- --------------------------------------------------------

--
-- Table structure for table `ticket_replies`
--

CREATE TABLE `ticket_replies` (
  `id` int(10) UNSIGNED NOT NULL,
  `ticket_id` int(11) NOT NULL,
  `user_id` int(11) NOT NULL,
  `user_type` varchar(191) NOT NULL,
  `message` text NOT NULL,
  `read_at` timestamp NULL DEFAULT NULL,
  `created_at` timestamp NULL DEFAULT NULL,
  `updated_at` timestamp NULL DEFAULT NULL
) ENGINE=InnoDB DEFAULT CHARSET=utf8mb4 COLLATE=utf8mb4_unicode_ci;

--
-- Dumping data for table `ticket_replies`
--

INSERT INTO `ticket_replies` (`id`, `ticket_id`, `user_id`, `user_type`, `message`, `read_at`, `created_at`, `updated_at`) VALUES
(1, 5, 2, 'App\\User', 'يرجى الرد', NULL, '2021-04-15 18:37:38', '2021-04-15 18:37:38'),
(2, 5, 2, 'App\\User', 'يرجى الرد', NULL, '2021-04-15 18:37:51', '2021-04-15 18:37:51'),
(3, 5, 2, 'App\\User', 'يرجى الرد', NULL, '2021-04-15 18:38:24', '2021-04-15 18:38:24'),
(4, 5, 2, 'App\\User', '?', NULL, '2021-04-15 18:38:53', '2021-04-15 18:38:53');

-- --------------------------------------------------------

--
-- Table structure for table `transactions`
--

CREATE TABLE `transactions` (
  `id` int(10) UNSIGNED NOT NULL,
  `payment_id` text DEFAULT NULL,
  `brand` varchar(191) DEFAULT NULL,
  `amount` double DEFAULT NULL,
  `type` tinyint(4) NOT NULL DEFAULT 0 COMMENT '1 withdrow , 0 deposit',
  `status` varchar(191) DEFAULT NULL,
  `status_id` char(191) DEFAULT NULL,
  `transactionable_type` varchar(191) DEFAULT NULL,
  `transactionable_id` varchar(191) DEFAULT NULL,
  `is_available` tinyint(4) NOT NULL DEFAULT 0,
  `in_progress` tinyint(4) NOT NULL DEFAULT 0,
  `user_id` int(10) UNSIGNED NOT NULL,
  `created_at` timestamp NULL DEFAULT NULL,
  `updated_at` timestamp NULL DEFAULT NULL
) ENGINE=InnoDB DEFAULT CHARSET=utf8mb4 COLLATE=utf8mb4_unicode_ci;

--
-- Dumping data for table `transactions`
--

INSERT INTO `transactions` (`id`, `payment_id`, `brand`, `amount`, `type`, `status`, `status_id`, `transactionable_type`, `transactionable_id`, `is_available`, `in_progress`, `user_id`, `created_at`, `updated_at`) VALUES
(1, NULL, 'BANK', 1, 0, 'COMPLETED', '2', 'App\\Ads', '2', 0, 0, 2, '2021-04-02 15:21:23', '2021-04-05 15:21:23'),
(2, NULL, 'BANK', 1, 0, 'COMPLETED', '2', 'App\\Ads', '9', 0, 0, 2, '2021-04-08 10:16:13', '2021-04-08 10:16:13'),
(4, NULL, 'BANK', 44, 0, 'COMPLETED', '2', 'App\\Ads', '8', 0, 0, 2, '2021-04-08 10:18:45', '2021-04-08 10:18:45'),
(5, NULL, 'BANK', 550, 0, 'COMPLETED', '2', 'App\\Ads', '12', 0, 0, 2, '2021-04-09 16:24:05', '2021-04-09 16:24:05');

-- --------------------------------------------------------

--
-- Table structure for table `user_balances`
--

CREATE TABLE `user_balances` (
  `id` int(10) UNSIGNED NOT NULL,
  `balance` int(11) NOT NULL,
  `status` tinyint(4) NOT NULL COMMENT '1 =>addition,2 =>Subtract',
  `user_id` int(10) UNSIGNED NOT NULL,
  `sourse_type` varchar(191) NOT NULL,
  `sourse_id` int(11) NOT NULL,
  `created_at` timestamp NULL DEFAULT NULL,
  `updated_at` timestamp NULL DEFAULT NULL
) ENGINE=InnoDB DEFAULT CHARSET=utf8mb3 COLLATE=utf8mb3_general_ci;

--
-- Dumping data for table `user_balances`
--

INSERT INTO `user_balances` (`id`, `balance`, `status`, `user_id`, `sourse_type`, `sourse_id`, `created_at`, `updated_at`) VALUES
(1, 2, 2, 2, 'App\\GiftsRequests', 1, '2021-04-08 08:47:00', '2021-04-08 08:47:00'),
(2, 1, 1, 2, 'App\\Ads', 8, '2021-04-08 08:47:00', '2021-04-08 08:47:00'),
(3, 1, 1, 2, 'App\\Ads', 9, '2021-04-08 08:47:00', '2021-04-08 08:47:00'),
(4, 1, 1, 2, 'App\\Ads', 7, '2021-04-08 08:47:00', '2021-04-08 08:47:00'),
(5, 1, 1, 2, 'App\\Ads', 3, '2021-04-09 14:39:28', '2021-04-09 14:39:28'),
(6, 1, 2, 2, 'App\\GiftsRequests', 5, '2021-04-17 14:48:15', '2021-04-17 14:48:15'),
(7, 1, 1, 2, 'App\\Ads', 13, '2021-04-17 15:19:00', '2021-04-17 15:19:00'),
(12, 0, 1, 0, 'App\\Ads', 13, '2021-04-17 15:44:46', '2021-04-17 15:44:46'),
(13, 0, 1, 0, 'App\\Ads', 13, '2021-04-17 15:44:56', '2021-04-17 15:44:56'),
(14, 11, 1, 0, 'App\\Ads', 13, '2021-04-17 15:45:25', '2021-04-17 15:45:25'),
(15, 11, 1, 0, 'App\\Ads', 13, '2021-04-17 15:47:00', '2021-04-17 15:47:00'),
(16, 11, 1, 0, 'App\\Ads', 13, '2021-04-17 15:47:31', '2021-04-17 15:47:31'),
(17, 12, 1, 0, 'App\\Ads', 8, '2021-04-17 15:48:14', '2021-04-17 15:48:14'),
(18, 1, 1, 6, 'App\\User', 6, '2021-04-30 17:09:04', '2021-04-30 17:09:04'),
(19, 1, 1, 3, 'App\\User', 8, '2021-04-30 17:15:18', '2021-04-30 17:15:18'),
(20, 1, 1, 2, 'App\\User', 9, '2021-04-30 17:19:35', '2021-04-30 17:19:35');

-- --------------------------------------------------------

--
-- Table structure for table `user_interests`
--

CREATE TABLE `user_interests` (
  `id` int(10) UNSIGNED NOT NULL,
  `user_id` int(10) UNSIGNED NOT NULL,
  `interest_id` int(10) UNSIGNED NOT NULL,
  `created_at` timestamp NULL DEFAULT NULL,
  `updated_at` timestamp NULL DEFAULT NULL
) ENGINE=InnoDB DEFAULT CHARSET=utf8mb4 COLLATE=utf8mb4_unicode_ci;

--
-- Dumping data for table `user_interests`
--

INSERT INTO `user_interests` (`id`, `user_id`, `interest_id`, `created_at`, `updated_at`) VALUES
(7, 2, 1, '2021-04-09 13:07:37', '2021-04-09 13:07:37'),
(8, 2, 2, '2021-04-09 13:07:37', '2021-04-09 13:07:37');

-- --------------------------------------------------------

--
-- Table structure for table `visitor_messages`
--

CREATE TABLE `visitor_messages` (
  `id` int(10) UNSIGNED NOT NULL,
  `name` varchar(191) NOT NULL,
  `email` varchar(191) NOT NULL,
  `subject` varchar(191) NOT NULL,
  `text` text NOT NULL,
  `read_at` timestamp NULL DEFAULT NULL,
  `created_at` timestamp NULL DEFAULT NULL,
  `updated_at` timestamp NULL DEFAULT NULL,
  `deleted_at` timestamp NULL DEFAULT NULL,
  `phone` varchar(255) DEFAULT NULL
) ENGINE=InnoDB DEFAULT CHARSET=utf8mb4 COLLATE=utf8mb4_unicode_ci;

-- --------------------------------------------------------

--
-- Table structure for table `visitor_message_replays`
--

CREATE TABLE `visitor_message_replays` (
  `id` int(10) UNSIGNED NOT NULL,
  `admin_id` int(10) UNSIGNED NOT NULL,
  `message_id` int(10) UNSIGNED NOT NULL,
  `text` text NOT NULL,
  `created_at` timestamp NULL DEFAULT NULL,
  `updated_at` timestamp NULL DEFAULT NULL,
  `deleted_at` timestamp NULL DEFAULT NULL
) ENGINE=InnoDB DEFAULT CHARSET=utf8mb4 COLLATE=utf8mb4_unicode_ci;

--
-- Indexes for table `ads`
--
ALTER TABLE `ads`
  ADD PRIMARY KEY (`id`);

--
-- Indexes for table `ads_comments`
--
ALTER TABLE `ads_comments`
  ADD PRIMARY KEY (`id`);

--
-- Indexes for table `ads_comment_warnings`
--
ALTER TABLE `ads_comment_warnings`
  ADD PRIMARY KEY (`id`);

--
-- Indexes for table `ads_likes`
--
ALTER TABLE `ads_likes`
  ADD PRIMARY KEY (`id`);

--
-- Indexes for table `ads_media`
--
ALTER TABLE `ads_media`
  ADD PRIMARY KEY (`id`);

--
-- Indexes for table `advertising_goals`
--
ALTER TABLE `advertising_goals`
  ADD PRIMARY KEY (`id`);

--
-- Indexes for table `advertising_representatives`
--
ALTER TABLE `advertising_representatives`
  ADD PRIMARY KEY (`id`);

--
-- Indexes for table `ad_views`
--
ALTER TABLE `ad_views`
  ADD PRIMARY KEY (`id`);

--
-- Indexes for table `bank_transfers`
--
ALTER TABLE `bank_transfers`
  ADD PRIMARY KEY (`id`);

--
-- Indexes for table `blogs`
--
ALTER TABLE `blogs`
  ADD PRIMARY KEY (`id`);

--
-- Indexes for table `blog_comment_warnings`
--
ALTER TABLE `blog_comment_warnings`
  ADD PRIMARY KEY (`id`);

--
-- Indexes for table `blog_translations`
--
ALTER TABLE `blog_translations`
  ADD PRIMARY KEY (`id`),
  ADD UNIQUE KEY `blog_translations_blogs_id_locale_unique` (`blog_id`,`locale`),
  ADD KEY `blog_translations_locale_index` (`locale`);

--
-- Indexes for table `code_users`
--
ALTER TABLE `code_users`
  ADD PRIMARY KEY (`id`),
  ADD KEY `code_users_user_id_foreign` (`user_id`);

--
-- Indexes for table `faqs`
--
ALTER TABLE `faqs`
  ADD PRIMARY KEY (`id`);

--
-- Indexes for table `faqs_translations`
--
ALTER TABLE `faqs_translations`
  ADD PRIMARY KEY (`id`),
  ADD UNIQUE KEY `faqs_translations_faqs_id_locale_unique` (`faqs_id`,`locale`),
  ADD KEY `faqs_translations_locale_index` (`locale`);

--
-- Indexes for table `front_social_media`
--
ALTER TABLE `front_social_media`
  ADD PRIMARY KEY (`id`),
  ADD KEY `front_social_media_social_id_foreign` (`social_id`);

--
-- Indexes for table `gifts`
--
ALTER TABLE `gifts`
  ADD PRIMARY KEY (`id`);

--
-- Indexes for table `gifts_requests`
--
ALTER TABLE `gifts_requests`
  ADD PRIMARY KEY (`id`);

--
-- Indexes for table `gifts_translations`
--
ALTER TABLE `gifts_translations`
  ADD PRIMARY KEY (`id`),
  ADD UNIQUE KEY `gifts_translations_gifts_id_locale_unique` (`gifts_id`,`locale`),
  ADD KEY `gifts_translations_locale_index` (`locale`);

--
-- Indexes for table `goal_advertisements`
--
ALTER TABLE `goal_advertisements`
  ADD PRIMARY KEY (`id`),
  ADD KEY `goal_advertisements_ads_id_foreign` (`ads_id`);

--
-- Indexes for table `images`
--
ALTER TABLE `images`
  ADD PRIMARY KEY (`id`);

--
-- Indexes for table `messages`
--
ALTER TABLE `messages`
  ADD PRIMARY KEY (`id`);

--
-- Indexes for table `migrations`
--
ALTER TABLE `migrations`
  ADD PRIMARY KEY (`id`);

--
-- Indexes for table `notifications`
--
ALTER TABLE `notifications`
  ADD PRIMARY KEY (`id`),
  ADD KEY `notifications_user_id_foreign` (`user_id`);

--
-- Indexes for table `oauth_personal_access_clients`
--
ALTER TABLE `oauth_personal_access_clients`
  ADD PRIMARY KEY (`id`),
  ADD KEY `oauth_personal_access_clients_client_id_index` (`client_id`);

--
-- Indexes for table `pages`
--
ALTER TABLE `pages`
  ADD PRIMARY KEY (`id`);

--
-- Indexes for table `pages_translations`
--
ALTER TABLE `pages_translations`
  ADD PRIMARY KEY (`id`),
  ADD UNIQUE KEY `pages_translations_pages_id_locale_unique` (`pages_id`,`locale`),
  ADD KEY `pages_translations_locale_index` (`locale`);

--
-- Indexes for table `permissions`
--
ALTER TABLE `permissions`
  ADD PRIMARY KEY (`id`),
  ADD UNIQUE KEY `permissions_name_unique` (`name`);

--
-- Indexes for table `permission_role`
--
ALTER TABLE `permission_role`
  ADD PRIMARY KEY (`permission_id`,`role_id`),
  ADD KEY `permission_role_role_id_foreign` (`role_id`);

--
-- Indexes for table `post_comments`
--
ALTER TABLE `post_comments`
  ADD PRIMARY KEY (`id`),
  ADD KEY `post_comments_blog_id_foreign` (`blog_id`);

--
-- Indexes for table `quantities_gifts`
--
ALTER TABLE `quantities_gifts`
  ADD PRIMARY KEY (`id`);

--
-- Indexes for table `reply_messages`
--
ALTER TABLE `reply_messages`
  ADD PRIMARY KEY (`id`);

--
-- Indexes for table `roles`
--
ALTER TABLE `roles`
  ADD PRIMARY KEY (`id`),
  ADD UNIQUE KEY `roles_name_unique` (`name`);

--
-- Indexes for table `role_user`
--
ALTER TABLE `role_user`
  ADD PRIMARY KEY (`user_id`,`role_id`),
  ADD KEY `role_user_role_id_foreign` (`role_id`);

--
-- Indexes for table `statuses`
--
ALTER TABLE `statuses`
  ADD PRIMARY KEY (`id`);

--
-- Indexes for table `target_audience_aadvertisements`
--
ALTER TABLE `target_audience_aadvertisements`
  ADD PRIMARY KEY (`id`);

--
-- Indexes for table `tickets`
--
ALTER TABLE `tickets`
  ADD PRIMARY KEY (`id`);

--
-- Indexes for table `ticket_attachments`
--
ALTER TABLE `ticket_attachments`
  ADD PRIMARY KEY (`id`);

--
-- Indexes for table `ticket_replies`
--
ALTER TABLE `ticket_replies`
  ADD PRIMARY KEY (`id`);

--
-- Indexes for table `transactions`
--
ALTER TABLE `transactions`
  ADD PRIMARY KEY (`id`);

--
-- Indexes for table `user_balances`
--
ALTER TABLE `user_balances`
  ADD PRIMARY KEY (`id`),
  ADD KEY `user_balances_user_id_foreign` (`user_id`);

--
-- Indexes for table `user_interests`
--
ALTER TABLE `user_interests`
  ADD PRIMARY KEY (`id`);

--
-- Indexes for table `visitor_messages`
--
ALTER TABLE `visitor_messages`
  ADD PRIMARY KEY (`id`);

--
-- Indexes for table `visitor_message_replays`
--
ALTER TABLE `visitor_message_replays`
  ADD PRIMARY KEY (`id`);

--
-- AUTO_INCREMENT for table `ads`
--
ALTER TABLE `ads`
  MODIFY `id` int(10) UNSIGNED NOT NULL AUTO_INCREMENT, AUTO_INCREMENT=14;

--
-- AUTO_INCREMENT for table `ads_comments`
--
ALTER TABLE `ads_comments`
  MODIFY `id` int(10) UNSIGNED NOT NULL AUTO_INCREMENT, AUTO_INCREMENT=7;

--
-- AUTO_INCREMENT for table `ads_comment_warnings`
--
ALTER TABLE `ads_comment_warnings`
  MODIFY `id` int(10) UNSIGNED NOT NULL AUTO_INCREMENT, AUTO_INCREMENT=3;

--
-- AUTO_INCREMENT for table `ads_likes`
--
ALTER TABLE `ads_likes`
  MODIFY `id` int(10) UNSIGNED NOT NULL AUTO_INCREMENT, AUTO_INCREMENT=18;

--
-- AUTO_INCREMENT for table `ads_media`
--
ALTER TABLE `ads_media`
  MODIFY `id` int(10) UNSIGNED NOT NULL AUTO_INCREMENT, AUTO_INCREMENT=51;

--
-- AUTO_INCREMENT for table `advertising_goals`
--
ALTER TABLE `advertising_goals`
  MODIFY `id` int(10) UNSIGNED NOT NULL AUTO_INCREMENT, AUTO_INCREMENT=22;

--
-- AUTO_INCREMENT for table `advertising_representatives`
--
ALTER TABLE `advertising_representatives`
  MODIFY `id` int(10) UNSIGNED NOT NULL AUTO_INCREMENT, AUTO_INCREMENT=3;

--
-- AUTO_INCREMENT for table `ad_views`
--
ALTER TABLE `ad_views`
  MODIFY `id` int(10) UNSIGNED NOT NULL AUTO_INCREMENT, AUTO_INCREMENT=4;

--
-- AUTO_INCREMENT for table `bank_transfers`
--
ALTER TABLE `bank_transfers`
  MODIFY `id` int(10) UNSIGNED NOT NULL AUTO_INCREMENT, AUTO_INCREMENT=12;

--
-- AUTO_INCREMENT for table `blogs`
--
ALTER TABLE `blogs`
  MODIFY `id` int(10) UNSIGNED NOT NULL AUTO_INCREMENT, AUTO_INCREMENT=6;

--
-- AUTO_INCREMENT for table `blog_comment_warnings`
--
ALTER TABLE `blog_comment_warnings`
  MODIFY `id` int(10) UNSIGNED NOT NULL AUTO_INCREMENT, AUTO_INCREMENT=2;

--
-- AUTO_INCREMENT for table `blog_translations`
--
ALTER TABLE `blog_translations`
  MODIFY `id` int(10) UNSIGNED NOT NULL AUTO_INCREMENT, AUTO_INCREMENT=7;

--
-- AUTO_INCREMENT for table `code_users`
--
ALTER TABLE `code_users`
  MODIFY `id` int(10) UNSIGNED NOT NULL AUTO_INCREMENT, AUTO_INCREMENT=11;

--
-- AUTO_INCREMENT for table `faqs`
--
ALTER TABLE `faqs`
  MODIFY `id` int(10) UNSIGNED NOT NULL AUTO_INCREMENT, AUTO_INCREMENT=6;

--
-- AUTO_INCREMENT for table `faqs_translations`
--
ALTER TABLE `faqs_translations`
  MODIFY `id` int(10) UNSIGNED NOT NULL AUTO_INCREMENT, AUTO_INCREMENT=6;

--
-- AUTO_INCREMENT for table `front_social_media`
--
ALTER TABLE `front_social_media`
  MODIFY `id` int(10) UNSIGNED NOT NULL AUTO_INCREMENT, AUTO_INCREMENT=8;

--
-- AUTO_INCREMENT for table `gifts`
--
ALTER TABLE `gifts`
  MODIFY `id` int(10) UNSIGNED NOT NULL AUTO_INCREMENT, AUTO_INCREMENT=6;

--
-- AUTO_INCREMENT for table `gifts_requests`
--
ALTER TABLE `gifts_requests`
  MODIFY `id` int(10) UNSIGNED NOT NULL AUTO_INCREMENT, AUTO_INCREMENT=7;

--
-- AUTO_INCREMENT for table `gifts_translations`
--
ALTER TABLE `gifts_translations`
  MODIFY `id` int(10) UNSIGNED NOT NULL AUTO_INCREMENT, AUTO_INCREMENT=9;

--
-- AUTO_INCREMENT for table `goal_advertisements`
--
ALTER TABLE `goal_advertisements`
  MODIFY `id` int(10) UNSIGNED NOT NULL AUTO_INCREMENT;

--
-- AUTO_INCREMENT for table `images`
--
ALTER TABLE `images`
  MODIFY `id` int(10) UNSIGNED NOT NULL AUTO_INCREMENT, AUTO_INCREMENT=71;

--
-- AUTO_INCREMENT for table `messages`
--
ALTER TABLE `messages`
  MODIFY `id` int(10) UNSIGNED NOT NULL AUTO_INCREMENT, AUTO_INCREMENT=3;

--
-- AUTO_INCREMENT for table `migrations`
--
ALTER TABLE `migrations`
  MODIFY `id` int(10) UNSIGNED NOT NULL AUTO_INCREMENT, AUTO_INCREMENT=314;

--
-- AUTO_INCREMENT for table `notifications`
--
ALTER TABLE `notifications`
  MODIFY `id` int(10) UNSIGNED NOT NULL AUTO_INCREMENT, AUTO_INCREMENT=20;

--
-- AUTO_INCREMENT for table `oauth_personal_access_clients`
--
ALTER TABLE `oauth_personal_access_clients`
  MODIFY `id` int(10) UNSIGNED NOT NULL AUTO_INCREMENT;

--
-- AUTO_INCREMENT for table `pages`
--
ALTER TABLE `pages`
  MODIFY `id` int(10) UNSIGNED NOT NULL AUTO_INCREMENT, AUTO_INCREMENT=5;

--
-- AUTO_INCREMENT for table `pages_translations`
--
ALTER TABLE `pages_translations`
  MODIFY `id` int(10) UNSIGNED NOT NULL AUTO_INCREMENT, AUTO_INCREMENT=9;

--
-- AUTO_INCREMENT for table `permissions`
--
ALTER TABLE `permissions`
  MODIFY `id` int(10) UNSIGNED NOT NULL AUTO_INCREMENT, AUTO_INCREMENT=167;

--
-- AUTO_INCREMENT for table `post_comments`
--
ALTER TABLE `post_comments`
  MODIFY `id` int(10) UNSIGNED NOT NULL AUTO_INCREMENT, AUTO_INCREMENT=14;

--
-- AUTO_INCREMENT for table `quantities_gifts`
--
ALTER TABLE `quantities_gifts`
  MODIFY `id` int(10) UNSIGNED NOT NULL AUTO_INCREMENT, AUTO_INCREMENT=4;

--
-- AUTO_INCREMENT for table `reply_messages`
--
ALTER TABLE `reply_messages`
  MODIFY `id` int(10) UNSIGNED NOT NULL AUTO_INCREMENT, AUTO_INCREMENT=9;

--
-- AUTO_INCREMENT for table `roles`
--
ALTER TABLE `roles`
  MODIFY `id` int(10) UNSIGNED NOT NULL AUTO_INCREMENT, AUTO_INCREMENT=7;

--
-- AUTO_INCREMENT for table `statuses`
--
ALTER TABLE `statuses`
  MODIFY `id` int(10) UNSIGNED NOT NULL AUTO_INCREMENT, AUTO_INCREMENT=6;

--
-- AUTO_INCREMENT for table `target_audience_aadvertisements`
--
ALTER TABLE `target_audience_aadvertisements`
  MODIFY `id` int(10) UNSIGNED NOT NULL AUTO_INCREMENT, AUTO_INCREMENT=185;

--
-- AUTO_INCREMENT for table `tickets`
--
ALTER TABLE `tickets`
  MODIFY `id` int(10) UNSIGNED NOT NULL AUTO_INCREMENT, AUTO_INCREMENT=6;

--
-- AUTO_INCREMENT for table `ticket_attachments`
--
ALTER TABLE `ticket_attachments`
  MODIFY `id` int(10) UNSIGNED NOT NULL AUTO_INCREMENT, AUTO_INCREMENT=4;

--
-- AUTO_INCREMENT for table `ticket_replies`
--
ALTER TABLE `ticket_replies`
  MODIFY `id` int(10) UNSIGNED NOT NULL AUTO_INCREMENT, AUTO_INCREMENT=5;

--
-- AUTO_INCREMENT for table `transactions`
--
ALTER TABLE `transactions`
  MODIFY `id` int(10) UNSIGNED NOT NULL AUTO_INCREMENT, AUTO_INCREMENT=6;

--
-- AUTO_INCREMENT for table `user_balances`
--
ALTER TABLE `user_balances`
  MODIFY `id` int(10) UNSIGNED NOT NULL AUTO_INCREMENT, AUTO_INCREMENT=21;

--
-- AUTO_INCREMENT for table `user_interests`
--
ALTER TABLE `user_interests`
  MODIFY `id` int(10) UNSIGNED NOT NULL AUTO_INCREMENT, AUTO_INCREMENT=9;

--
-- AUTO_INCREMENT for table `visitor_messages`
--
ALTER TABLE `visitor_messages`
  MODIFY `id` int(10) UNSIGNED NOT NULL AUTO_INCREMENT;

--
-- AUTO_INCREMENT for table `visitor_message_replays`
--
ALTER TABLE `visitor_message_replays`
  MODIFY `id` int(10) UNSIGNED NOT NULL AUTO_INCREMENT;

--
-- Constraints for dumped tables
--

--
-- Constraints for table `blog_translations`
--
ALTER TABLE `blog_translations`
  ADD CONSTRAINT `blog_translations_blogs_id_foreign` FOREIGN KEY (`blog_id`) REFERENCES `blogs` (`id`) ON DELETE CASCADE;

--
-- Constraints for table `code_users`
--
ALTER TABLE `code_users`
  ADD CONSTRAINT `code_users_user_id_foreign` FOREIGN KEY (`user_id`) REFERENCES `users` (`id`) ON DELETE CASCADE;

--
-- Constraints for table `faqs_translations`
--
ALTER TABLE `faqs_translations`
  ADD CONSTRAINT `faqs_translations_faqs_id_foreign` FOREIGN KEY (`faqs_id`) REFERENCES `faqs` (`id`) ON DELETE CASCADE;

--
-- Constraints for table `front_social_media`
--
ALTER TABLE `front_social_media`
  ADD CONSTRAINT `front_social_media_social_id_foreign` FOREIGN KEY (`social_id`) REFERENCES `social_media` (`id`) ON DELETE CASCADE ON UPDATE CASCADE;

--
-- Constraints for table `gifts_translations`
--
ALTER TABLE `gifts_translations`
  ADD CONSTRAINT `gifts_translations_gifts_id_foreign` FOREIGN KEY (`gifts_id`) REFERENCES `gifts` (`id`) ON DELETE CASCADE;

--
-- Constraints for table `goal_advertisements`
--
ALTER TABLE `goal_advertisements`
  ADD CONSTRAINT `goal_advertisements_ads_id_foreign` FOREIGN KEY (`ads_id`) REFERENCES `ads` (`id`) ON DELETE CASCADE;

--
-- Constraints for table `notifications`
--
ALTER TABLE `notifications`
  ADD CONSTRAINT `notifications_user_id_foreign` FOREIGN KEY (`user_id`) REFERENCES `users` (`id`) ON DELETE CASCADE;

--
-- Constraints for table `pages_translations`
--
ALTER TABLE `pages_translations`
  ADD CONSTRAINT `pages_translations_pages_id_foreign` FOREIGN KEY (`pages_id`) REFERENCES `pages` (`id`) ON DELETE CASCADE;

--
-- Constraints for table `permission_role`
--
ALTER TABLE `permission_role`
  ADD CONSTRAINT `permission_role_permission_id_foreign` FOREIGN KEY (`permission_id`) REFERENCES `permissions` (`id`) ON DELETE CASCADE ON UPDATE CASCADE,
  ADD CONSTRAINT `permission_role_role_id_foreign` FOREIGN KEY (`role_id`) REFERENCES `roles` (`id`) ON DELETE CASCADE ON UPDATE CASCADE;

--
-- Constraints for table `post_comments`
--
ALTER TABLE `post_comments`
  ADD CONSTRAINT `post_comments_blog_id_foreign` FOREIGN KEY (`blog_id`) REFERENCES `blogs` (`id`) ON DELETE CASCADE;
COMMIT;

